{"id":871,"date":"2024-09-25T16:39:02","date_gmt":"2024-09-25T14:39:02","guid":{"rendered":"https:\/\/www.regioneo.com\/about-us\/"},"modified":"2024-12-19T15:38:14","modified_gmt":"2024-12-19T14:38:14","slug":"uber-uns","status":"publish","type":"page","link":"https:\/\/www.regioneo.com\/de\/uber-uns\/","title":{"rendered":"\u00dcber uns"},"content":{"rendered":"<div data-elementor-type=\"wp-page\" data-elementor-id=\"871\" class=\"elementor elementor-871\" data-elementor-post-type=\"page\">\n\t\t\t\t<div class=\"elementor-element elementor-element-663adc5 e-con-full e-flex e-con e-parent\" data-id=\"663adc5\" data-element_type=\"container\" data-settings=\"{&quot;background_background&quot;:&quot;classic&quot;}\">\n\t\t<div class=\"elementor-element elementor-element-42f57f3 e-flex e-con-boxed e-con e-child\" data-id=\"42f57f3\" data-element_type=\"container\">\n\t\t\t\t\t<div class=\"e-con-inner\">\n\t\t\t\t<div class=\"elementor-element elementor-element-3a57c83 elementor-widget elementor-widget-heading\" data-id=\"3a57c83\" data-element_type=\"widget\" data-widget_type=\"heading.default\">\n\t\t\t\t<div class=\"elementor-widget-container\">\n\t\t\t\t\t<h1 class=\"elementor-heading-title elementor-size-default\">\u00dcber uns<\/h1>\t\t\t\t<\/div>\n\t\t\t\t<\/div>\n\t\t\t\t\t<\/div>\n\t\t\t\t<\/div>\n\t\t\t\t<\/div>\n\t\t<div class=\"elementor-element elementor-element-a70327e e-flex e-con-boxed e-con e-parent\" data-id=\"a70327e\" data-element_type=\"container\">\n\t\t\t\t\t<div class=\"e-con-inner\">\n\t\t\t\t<div class=\"elementor-element elementor-element-8aa6579 elementor-widget__width-initial elementor-widget elementor-widget-text-editor\" data-id=\"8aa6579\" data-element_type=\"widget\" data-widget_type=\"text-editor.default\">\n\t\t\t\t<div class=\"elementor-widget-container\">\n\t\t\t\t\t\t\t\t\t<p>Die Regioneo Saas-L\u00f6sung wurde von der Webagentur BM Services entwickelt. Seit \u00fcber 20 Jahren unterst\u00fctzt unser Team die digitale Transformation von Handwerkern, Einzelh\u00e4ndlern und Unternehmen. <\/p>\n\t\t\t\t\t\t\t\t<\/div>\n\t\t\t\t<\/div>\n\t\t\t\t\t<\/div>\n\t\t\t\t<\/div>\n\t\t<div class=\"elementor-element elementor-element-611ae2b e-flex e-con-boxed e-con e-parent\" data-id=\"611ae2b\" data-element_type=\"container\">\n\t\t\t\t\t<div class=\"e-con-inner\">\n\t\t<div class=\"elementor-element elementor-element-7e4513c e-con-full e-flex e-con e-child\" data-id=\"7e4513c\" data-element_type=\"container\" data-settings=\"{&quot;background_background&quot;:&quot;classic&quot;}\">\n\t\t\t\t<div class=\"elementor-element elementor-element-b614d3b elementor-widget elementor-widget-image\" data-id=\"b614d3b\" data-element_type=\"widget\" data-widget_type=\"image.default\">\n\t\t\t\t<div class=\"elementor-widget-container\">\n\t\t\t\t\t\t\t\t\t\t\t\t\t\t\t<img fetchpriority=\"high\" decoding=\"async\" width=\"800\" height=\"600\" src=\"https:\/\/www.regioneo.com\/wp-content\/uploads\/2025\/12\/Donnee_allemand.jpg\" class=\"attachment-full size-full wp-image-1408\" alt=\"Zahlen zu Anti-Verschwendung in Europa\" srcset=\"https:\/\/www.regioneo.com\/wp-content\/uploads\/2025\/12\/Donnee_allemand.jpg 801w, https:\/\/www.regioneo.com\/wp-content\/uploads\/2025\/12\/Donnee_allemand-300x225.jpg 300w, https:\/\/www.regioneo.com\/wp-content\/uploads\/2025\/12\/Donnee_allemand-768x575.jpg 768w, https:\/\/www.regioneo.com\/wp-content\/uploads\/2025\/12\/Donnee_allemand-16x12.jpg 16w\" sizes=\"(max-width: 800px) 100vw, 800px\" \/>\t\t\t\t\t\t\t\t\t\t\t\t\t\t\t<\/div>\n\t\t\t\t<\/div>\n\t\t\t\t<\/div>\n\t\t<div class=\"elementor-element elementor-element-ae93056 e-con-full e-flex e-con e-child\" data-id=\"ae93056\" data-element_type=\"container\">\n\t\t\t\t<div class=\"elementor-element elementor-element-2576764 elementor-widget elementor-widget-heading\" data-id=\"2576764\" data-element_type=\"widget\" data-widget_type=\"heading.default\">\n\t\t\t\t<div class=\"elementor-widget-container\">\n\t\t\t\t\t<h2 class=\"elementor-heading-title elementor-size-default\">Bek\u00e4mpfung von Abfall, ein soziales Thema<\/h2>\t\t\t\t<\/div>\n\t\t\t\t<\/div>\n\t\t\t\t<div class=\"elementor-element elementor-element-642f01e elementor-widget elementor-widget-text-editor\" data-id=\"642f01e\" data-element_type=\"widget\" data-widget_type=\"text-editor.default\">\n\t\t\t\t<div class=\"elementor-widget-container\">\n\t\t\t\t\t\t\t\t\t<p><span style=\"font-weight: 400;\">Heutzutage geht jedes Jahr ein Gro\u00dfteil der in Frankreich, Europa und dem Rest der Welt produzierten Lebensmittel verloren oder wird verschwendet. In Europa gehen jedes Jahr 89 Millionen Tonnen Lebensmittel verloren oder werden weggeworfen, was 20% der Lebensmittelproduktion entspricht. Dieser Abfall tritt in allen Phasen auf: beim Erzeuger, wo Obst und Gem\u00fcse nicht gepfl\u00fcckt werden (schlechtes Obst und Gem\u00fcse, \u00dcberproduktion usw.), beim Zwischenh\u00e4ndler und w\u00e4hrend der Transportphase und manchmal sogar beim Endkunden.  <\/span><\/p>\n<p><span style=\"font-weight: 400;\">Die gesch\u00e4tzten Kosten belaufen sich auf 143 Billionen Euro und betreffen nicht nur die Erzeuger, sondern auch die Verbraucher und unsere Umwelt, da f\u00fcr ihre Produktion Ressourcen (Wasser, Boden, Energie) verbraucht wurden. Heute ist es unerl\u00e4sslich, unser Lebensmittelsystem zu \u00fcberdenken, um Lebensmittelverluste zu minimieren und zu nachhaltigeren L\u00f6sungen \u00fcberzugehen. <\/span><\/p>\n\t\t\t\t\t\t\t\t<\/div>\n\t\t\t\t<\/div>\n\t\t\t\t<\/div>\n\t\t\t\t\t<\/div>\n\t\t\t\t<\/div>\n\t\t<div class=\"elementor-element elementor-element-55a93c6 e-flex e-con-boxed e-con e-parent\" data-id=\"55a93c6\" data-element_type=\"container\">\n\t\t\t\t\t<div class=\"e-con-inner\">\n\t\t<div class=\"elementor-element elementor-element-d453ac2 e-con-full e-flex e-con e-child\" data-id=\"d453ac2\" data-element_type=\"container\" data-settings=\"{&quot;background_background&quot;:&quot;classic&quot;}\">\n\t\t\t\t<\/div>\n\t\t<div class=\"elementor-element elementor-element-1e128d3 e-con-full e-flex e-con e-child\" data-id=\"1e128d3\" data-element_type=\"container\">\n\t\t\t\t<div class=\"elementor-element elementor-element-35f97bf elementor-widget elementor-widget-heading\" data-id=\"35f97bf\" data-element_type=\"widget\" data-widget_type=\"heading.default\">\n\t\t\t\t<div class=\"elementor-widget-container\">\n\t\t\t\t\t<h2 class=\"elementor-heading-title elementor-size-default\">Das SISTERS-Projekt als Teil des Horizon 2020-Programms<\/h2>\t\t\t\t<\/div>\n\t\t\t\t<\/div>\n\t\t\t\t<div class=\"elementor-element elementor-element-318e203 elementor-widget elementor-widget-text-editor\" data-id=\"318e203\" data-element_type=\"widget\" data-widget_type=\"text-editor.default\">\n\t\t\t\t<div class=\"elementor-widget-container\">\n\t\t\t\t\t\t\t\t\t<p>Das Regioneo-Projekt ist Teil eines gr\u00f6\u00dferen Projekts, der <span style=\"text-decoration: underline;\"><span style=\"color: #000000;\"><a style=\"color: #000000; text-decoration: underline;\" href=\"https:\/\/sistersproject.eu\/\">Sisters project<\/a><\/span><\/span> Projekt, das von der Europ\u00e4ischen Union im Rahmen der Ausschreibung f\u00fcr Horizont 2020-Projekte finanziert wird. The Sisters project brings together 18 European players involved in the fight against food waste, and aims to propose various innovations for a more sustainable approach to food production and distribution in Europe.<\/p>\n\t\t\t\t\t\t\t\t<\/div>\n\t\t\t\t<\/div>\n\t\t\t\t<div class=\"elementor-element elementor-element-66da73b elementor-mobile-align-justify elementor-widget elementor-widget-button\" data-id=\"66da73b\" data-element_type=\"widget\" data-widget_type=\"button.default\">\n\t\t\t\t<div class=\"elementor-widget-container\">\n\t\t\t\t\t\t\t\t\t<div class=\"elementor-button-wrapper\">\n\t\t\t\t\t<a class=\"elementor-button elementor-button-link elementor-size-sm\" href=\"https:\/\/sistersproject.eu\/\" target=\"_blank\">\n\t\t\t\t\t\t<span class=\"elementor-button-content-wrapper\">\n\t\t\t\t\t\t\t\t\t<span class=\"elementor-button-text\">Read more<\/span>\n\t\t\t\t\t<\/span>\n\t\t\t\t\t<\/a>\n\t\t\t\t<\/div>\n\t\t\t\t\t\t\t\t<\/div>\n\t\t\t\t<\/div>\n\t\t\t\t<\/div>\n\t\t\t\t\t<\/div>\n\t\t\t\t<\/div>\n\t\t<div class=\"elementor-element elementor-element-ef18bd6 e-flex e-con-boxed e-con e-parent\" data-id=\"ef18bd6\" data-element_type=\"container\">\n\t\t\t\t\t<div class=\"e-con-inner\">\n\t\t<div class=\"elementor-element elementor-element-04b9783 e-con-full e-flex e-con e-child\" data-id=\"04b9783\" data-element_type=\"container\" data-settings=\"{&quot;background_background&quot;:&quot;classic&quot;}\">\n\t\t\t\t<\/div>\n\t\t<div class=\"elementor-element elementor-element-18a2fde e-con-full e-flex e-con e-child\" data-id=\"18a2fde\" data-element_type=\"container\">\n\t\t\t\t<div class=\"elementor-element elementor-element-d578c39 elementor-widget elementor-widget-heading\" data-id=\"d578c39\" data-element_type=\"widget\" data-widget_type=\"heading.default\">\n\t\t\t\t<div class=\"elementor-widget-container\">\n\t\t\t\t\t<h2 class=\"elementor-heading-title elementor-size-default\">BM Services Agentur<\/h2>\t\t\t\t<\/div>\n\t\t\t\t<\/div>\n\t\t\t\t<div class=\"elementor-element elementor-element-a4e02ed elementor-widget elementor-widget-text-editor\" data-id=\"a4e02ed\" data-element_type=\"widget\" data-widget_type=\"text-editor.default\">\n\t\t\t\t<div class=\"elementor-widget-container\">\n\t\t\t\t\t\t\t\t\t<p>BM Services wurde 2012 gegr\u00fcndet und hat seinen Sitz in Loz\u00e8re. Das Team besteht aus 20 Fachleuten, die \u00fcber mehrere Branchencluster verteilt sind. Je nach Projekt greifen wir auf die Expertise der verschiedenen Abteilungen zur\u00fcck, um das notwendige Know-how bereitzustellen. Diese funktions\u00fcbergreifende Organisation erm\u00f6glicht es uns, uns an jede Art von digitaler Entwicklung oder Kommunikationsproblematik anzupassen. Im Jahr 2021 schloss sich BM Services dem SISTERS-Projekt an, um eine E-Commerce-L\u00f6sung f\u00fcr Obst- und Gem\u00fcseproduzenten zu entwickeln.   <\/p>\n\t\t\t\t\t\t\t\t<\/div>\n\t\t\t\t<\/div>\n\t\t\t\t<div class=\"elementor-element elementor-element-ee1ac73 elementor-mobile-align-justify elementor-widget elementor-widget-button\" data-id=\"ee1ac73\" data-element_type=\"widget\" data-widget_type=\"button.default\">\n\t\t\t\t<div class=\"elementor-widget-container\">\n\t\t\t\t\t\t\t\t\t<div class=\"elementor-button-wrapper\">\n\t\t\t\t\t<a class=\"elementor-button elementor-button-link elementor-size-sm\" href=\"https:\/\/bm-services.com\" target=\"_blank\">\n\t\t\t\t\t\t<span class=\"elementor-button-content-wrapper\">\n\t\t\t\t\t\t\t\t\t<span class=\"elementor-button-text\">Read more<\/span>\n\t\t\t\t\t<\/span>\n\t\t\t\t\t<\/a>\n\t\t\t\t<\/div>\n\t\t\t\t\t\t\t\t<\/div>\n\t\t\t\t<\/div>\n\t\t\t\t<\/div>\n\t\t\t\t\t<\/div>\n\t\t\t\t<\/div>\n\t\t\t\t<\/div>","protected":false},"excerpt":{"rendered":"<p>About us The Regioneo Saas solution is developed by the web agency BM Services. For over 20 years, our team has been supporting the digital transformation of craftsmen, retailers and businesses. Combating waste, a social issue Today, much of the food produced in France, Europe and the rest of the world is lost or wasted [&hellip;]<\/p>","protected":false},"author":1,"featured_media":0,"parent":0,"menu_order":0,"comment_status":"closed","ping_status":"closed","template":"","meta":{"_seopress_robots_primary_cat":"","_seopress_titles_title":"About Regioneo: The Anti-Gaspi Solution for Producers","_seopress_titles_desc":"Discover Regioneo: We'll create an e-commerce site for you in less than a day to sell your fruit and vegetables. Anti-waste solution! ","_seopress_robots_index":"","footnotes":""},"class_list":["post-871","page","type-page","status-publish","hentry"],"_links":{"self":[{"href":"https:\/\/www.regioneo.com\/de\/wp-json\/wp\/v2\/pages\/871","targetHints":{"allow":["GET"]}}],"collection":[{"href":"https:\/\/www.regioneo.com\/de\/wp-json\/wp\/v2\/pages"}],"about":[{"href":"https:\/\/www.regioneo.com\/de\/wp-json\/wp\/v2\/types\/page"}],"author":[{"embeddable":true,"href":"https:\/\/www.regioneo.com\/de\/wp-json\/wp\/v2\/users\/1"}],"replies":[{"embeddable":true,"href":"https:\/\/www.regioneo.com\/de\/wp-json\/wp\/v2\/comments?post=871"}],"version-history":[{"count":10,"href":"https:\/\/www.regioneo.com\/de\/wp-json\/wp\/v2\/pages\/871\/revisions"}],"predecessor-version":[{"id":1508,"href":"https:\/\/www.regioneo.com\/de\/wp-json\/wp\/v2\/pages\/871\/revisions\/1508"}],"wp:attachment":[{"href":"https:\/\/www.regioneo.com\/de\/wp-json\/wp\/v2\/media?parent=871"}],"curies":[{"name":"wp","href":"https:\/\/api.w.org\/{rel}","templated":true}]}}

Über uns

<div data-elementor-type="wp-page" data-elementor-id="871" class="elementor elementor-871" data-elementor-post-type="page">
				<div class="elementor-element elementor-element-663adc5 e-con-full e-flex e-con e-parent" data-id="663adc5" data-element_type="container" data-settings="{&quot;background_background&quot;:&quot;classic&quot;}">
		<div class="elementor-element elementor-element-42f57f3 e-flex e-con-boxed e-con e-child" data-id="42f57f3" data-element_type="container">
					<div class="e-con-inner">
				<div class="elementor-element elementor-element-3a57c83 elementor-widget elementor-widget-heading" data-id="3a57c83" data-element_type="widget" data-widget_type="heading.default">
				<div class="elementor-widget-container">
					<h1 class="elementor-heading-title elementor-size-default">Über uns</h1>				</div>
				</div>
					</div>
				</div>
				</div>
		<div class="elementor-element elementor-element-a70327e e-flex e-con-boxed e-con e-parent" data-id="a70327e" data-element_type="container">
					<div class="e-con-inner">
				<div class="elementor-element elementor-element-8aa6579 elementor-widget__width-initial elementor-widget elementor-widget-text-editor" data-id="8aa6579" data-element_type="widget" data-widget_type="text-editor.default">
				<div class="elementor-widget-container">
									<p>Die Regioneo Saas-Lösung wurde von der Webagentur BM Services entwickelt. Seit über 20 Jahren unterstützt unser Team die digitale Transformation von Handwerkern, Einzelhändlern und Unternehmen. </p>
								</div>
				</div>
					</div>
				</div>
		<div class="elementor-element elementor-element-611ae2b e-flex e-con-boxed e-con e-parent" data-id="611ae2b" data-element_type="container">
					<div class="e-con-inner">
		<div class="elementor-element elementor-element-7e4513c e-con-full e-flex e-con e-child" data-id="7e4513c" data-element_type="container" data-settings="{&quot;background_background&quot;:&quot;classic&quot;}">
				<div class="elementor-element elementor-element-b614d3b elementor-widget elementor-widget-image" data-id="b614d3b" data-element_type="widget" data-widget_type="image.default">
				<div class="elementor-widget-container">
															<img fetchpriority="high" decoding="async" width="800" height="600" src="https://www.regioneo.com/wp-content/uploads/2025/12/Donnee_allemand.jpg" class="attachment-full size-full wp-image-1408" alt="Zahlen zu Anti-Verschwendung in Europa" srcset="https://www.regioneo.com/wp-content/uploads/2025/12/Donnee_allemand.jpg 801w, https://www.regioneo.com/wp-content/uploads/2025/12/Donnee_allemand-300x225.jpg 300w, https://www.regioneo.com/wp-content/uploads/2025/12/Donnee_allemand-768x575.jpg 768w, https://www.regioneo.com/wp-content/uploads/2025/12/Donnee_allemand-16x12.jpg 16w" sizes="(max-width: 800px) 100vw, 800px" />															</div>
				</div>
				</div>
		<div class="elementor-element elementor-element-ae93056 e-con-full e-flex e-con e-child" data-id="ae93056" data-element_type="container">
				<div class="elementor-element elementor-element-2576764 elementor-widget elementor-widget-heading" data-id="2576764" data-element_type="widget" data-widget_type="heading.default">
				<div class="elementor-widget-container">
					<h2 class="elementor-heading-title elementor-size-default">Bekämpfung von Abfall, ein soziales Thema</h2>				</div>
				</div>
				<div class="elementor-element elementor-element-642f01e elementor-widget elementor-widget-text-editor" data-id="642f01e" data-element_type="widget" data-widget_type="text-editor.default">
				<div class="elementor-widget-container">
									<p><span style="font-weight: 400;">Heutzutage geht jedes Jahr ein Großteil der in Frankreich, Europa und dem Rest der Welt produzierten Lebensmittel verloren oder wird verschwendet. In Europa gehen jedes Jahr 89 Millionen Tonnen Lebensmittel verloren oder werden weggeworfen, was 20% der Lebensmittelproduktion entspricht. Dieser Abfall tritt in allen Phasen auf: beim Erzeuger, wo Obst und Gemüse nicht gepflückt werden (schlechtes Obst und Gemüse, Überproduktion usw.), beim Zwischenhändler und während der Transportphase und manchmal sogar beim Endkunden.  </span></p>
<p><span style="font-weight: 400;">Die geschätzten Kosten belaufen sich auf 143 Billionen Euro und betreffen nicht nur die Erzeuger, sondern auch die Verbraucher und unsere Umwelt, da für ihre Produktion Ressourcen (Wasser, Boden, Energie) verbraucht wurden. Heute ist es unerlässlich, unser Lebensmittelsystem zu überdenken, um Lebensmittelverluste zu minimieren und zu nachhaltigeren Lösungen überzugehen. </span></p>
								</div>
				</div>
				</div>
					</div>
				</div>
		<div class="elementor-element elementor-element-55a93c6 e-flex e-con-boxed e-con e-parent" data-id="55a93c6" data-element_type="container">
					<div class="e-con-inner">
		<div class="elementor-element elementor-element-d453ac2 e-con-full e-flex e-con e-child" data-id="d453ac2" data-element_type="container" data-settings="{&quot;background_background&quot;:&quot;classic&quot;}">
				</div>
		<div class="elementor-element elementor-element-1e128d3 e-con-full e-flex e-con e-child" data-id="1e128d3" data-element_type="container">
				<div class="elementor-element elementor-element-35f97bf elementor-widget elementor-widget-heading" data-id="35f97bf" data-element_type="widget" data-widget_type="heading.default">
				<div class="elementor-widget-container">
					<h2 class="elementor-heading-title elementor-size-default">Das SISTERS-Projekt als Teil des Horizon 2020-Programms</h2>				</div>
				</div>
				<div class="elementor-element elementor-element-318e203 elementor-widget elementor-widget-text-editor" data-id="318e203" data-element_type="widget" data-widget_type="text-editor.default">
				<div class="elementor-widget-container">
									<p>Das Regioneo-Projekt ist Teil eines größeren Projekts, der <span style="text-decoration: underline;"><span style="color: #000000;"><a style="color: #000000; text-decoration: underline;" href="https://sistersproject.eu/">Sisters project</a></span></span> Projekt, das von der Europäischen Union im Rahmen der Ausschreibung für Horizont 2020-Projekte finanziert wird. The Sisters project brings together 18 European players involved in the fight against food waste, and aims to propose various innovations for a more sustainable approach to food production and distribution in Europe.</p>
								</div>
				</div>
				<div class="elementor-element elementor-element-66da73b elementor-mobile-align-justify elementor-widget elementor-widget-button" data-id="66da73b" data-element_type="widget" data-widget_type="button.default">
				<div class="elementor-widget-container">
									<div class="elementor-button-wrapper">
					<a class="elementor-button elementor-button-link elementor-size-sm" href="https://sistersproject.eu/" target="_blank">
						<span class="elementor-button-content-wrapper">
									<span class="elementor-button-text">Read more</span>
					</span>
					</a>
				</div>
								</div>
				</div>
				</div>
					</div>
				</div>
		<div class="elementor-element elementor-element-ef18bd6 e-flex e-con-boxed e-con e-parent" data-id="ef18bd6" data-element_type="container">
					<div class="e-con-inner">
		<div class="elementor-element elementor-element-04b9783 e-con-full e-flex e-con e-child" data-id="04b9783" data-element_type="container" data-settings="{&quot;background_background&quot;:&quot;classic&quot;}">
				</div>
		<div class="elementor-element elementor-element-18a2fde e-con-full e-flex e-con e-child" data-id="18a2fde" data-element_type="container">
				<div class="elementor-element elementor-element-d578c39 elementor-widget elementor-widget-heading" data-id="d578c39" data-element_type="widget" data-widget_type="heading.default">
				<div class="elementor-widget-container">
					<h2 class="elementor-heading-title elementor-size-default">BM Services Agentur</h2>				</div>
				</div>
				<div class="elementor-element elementor-element-a4e02ed elementor-widget elementor-widget-text-editor" data-id="a4e02ed" data-element_type="widget" data-widget_type="text-editor.default">
				<div class="elementor-widget-container">
									<p>BM Services wurde 2012 gegründet und hat seinen Sitz in Lozère. Das Team besteht aus 20 Fachleuten, die über mehrere Branchencluster verteilt sind. Je nach Projekt greifen wir auf die Expertise der verschiedenen Abteilungen zurück, um das notwendige Know-how bereitzustellen. Diese funktionsübergreifende Organisation ermöglicht es uns, uns an jede Art von digitaler Entwicklung oder Kommunikationsproblematik anzupassen. Im Jahr 2021 schloss sich BM Services dem SISTERS-Projekt an, um eine E-Commerce-Lösung für Obst- und Gemüseproduzenten zu entwickeln.   </p>
								</div>
				</div>
				<div class="elementor-element elementor-element-ee1ac73 elementor-mobile-align-justify elementor-widget elementor-widget-button" data-id="ee1ac73" data-element_type="widget" data-widget_type="button.default">
				<div class="elementor-widget-container">
									<div class="elementor-button-wrapper">
					<a class="elementor-button elementor-button-link elementor-size-sm" href="https://bm-services.com" target="_blank">
						<span class="elementor-button-content-wrapper">
									<span class="elementor-button-text">Read more</span>
					</span>
					</a>
				</div>
								</div>
				</div>
				</div>
					</div>
				</div>
				</div>
