{"id":873,"date":"2024-09-25T16:39:02","date_gmt":"2024-09-25T14:39:02","guid":{"rendered":"https:\/\/www.regioneo.com\/informazioni\/"},"modified":"2024-12-02T18:13:40","modified_gmt":"2024-12-02T17:13:40","slug":"informacion","status":"publish","type":"page","link":"https:\/\/www.regioneo.com\/es\/informacion\/","title":{"rendered":"Informaci\u00f3n"},"content":{"rendered":"<div data-elementor-type=\"wp-page\" data-elementor-id=\"873\" class=\"elementor elementor-873\" data-elementor-post-type=\"page\">\n\t\t\t\t<div class=\"elementor-element elementor-element-663adc5 e-con-full e-flex e-con e-parent\" data-id=\"663adc5\" data-element_type=\"container\" data-settings=\"{&quot;background_background&quot;:&quot;classic&quot;}\">\n\t\t<div class=\"elementor-element elementor-element-42f57f3 e-flex e-con-boxed e-con e-child\" data-id=\"42f57f3\" data-element_type=\"container\">\n\t\t\t\t\t<div class=\"e-con-inner\">\n\t\t\t\t<div class=\"elementor-element elementor-element-3a57c83 elementor-widget elementor-widget-heading\" data-id=\"3a57c83\" data-element_type=\"widget\" data-widget_type=\"heading.default\">\n\t\t\t\t<div class=\"elementor-widget-container\">\n\t\t\t\t\t<h1 class=\"elementor-heading-title elementor-size-default\">Informaci\u00f3n<\/h1>\t\t\t\t<\/div>\n\t\t\t\t<\/div>\n\t\t\t\t\t<\/div>\n\t\t\t\t<\/div>\n\t\t\t\t<\/div>\n\t\t<div class=\"elementor-element elementor-element-a70327e e-flex e-con-boxed e-con e-parent\" data-id=\"a70327e\" data-element_type=\"container\">\n\t\t\t\t\t<div class=\"e-con-inner\">\n\t\t\t\t<div class=\"elementor-element elementor-element-8aa6579 elementor-widget__width-initial elementor-widget elementor-widget-text-editor\" data-id=\"8aa6579\" data-element_type=\"widget\" data-widget_type=\"text-editor.default\">\n\t\t\t\t<div class=\"elementor-widget-container\">\n\t\t\t\t\t\t\t\t\t<p>La soluci\u00f3n Saas de Regioneo est\u00e1 desarrollada por la agencia web BM Services. Durante m\u00e1s de 20 a\u00f1os, nuestro equipo ha apoyado la transformaci\u00f3n digital de artistas, minoristas y empresas. <\/p>\n\t\t\t\t\t\t\t\t<\/div>\n\t\t\t\t<\/div>\n\t\t\t\t\t<\/div>\n\t\t\t\t<\/div>\n\t\t<div class=\"elementor-element elementor-element-611ae2b e-flex e-con-boxed e-con e-parent\" data-id=\"611ae2b\" data-element_type=\"container\">\n\t\t\t\t\t<div class=\"e-con-inner\">\n\t\t<div class=\"elementor-element elementor-element-7e4513c e-con-full e-flex e-con e-child\" data-id=\"7e4513c\" data-element_type=\"container\" data-settings=\"{&quot;background_background&quot;:&quot;classic&quot;}\">\n\t\t\t\t<div class=\"elementor-element elementor-element-b614d3b elementor-widget elementor-widget-image\" data-id=\"b614d3b\" data-element_type=\"widget\" data-widget_type=\"image.default\">\n\t\t\t\t<div class=\"elementor-widget-container\">\n\t\t\t\t\t\t\t\t\t\t\t\t\t\t\t<img fetchpriority=\"high\" decoding=\"async\" width=\"800\" height=\"600\" src=\"https:\/\/www.regioneo.com\/wp-content\/uploads\/2025\/12\/Donnee_espagnole.jpg\" class=\"attachment-full size-full wp-image-1408\" alt=\"cifras contra los residuos en Europa\" srcset=\"https:\/\/www.regioneo.com\/wp-content\/uploads\/2025\/12\/Donnee_espagnole.jpg 801w, https:\/\/www.regioneo.com\/wp-content\/uploads\/2025\/12\/Donnee_espagnole-300x225.jpg 300w, https:\/\/www.regioneo.com\/wp-content\/uploads\/2025\/12\/Donnee_espagnole-768x575.jpg 768w, https:\/\/www.regioneo.com\/wp-content\/uploads\/2025\/12\/Donnee_espagnole-16x12.jpg 16w\" sizes=\"(max-width: 800px) 100vw, 800px\" \/>\t\t\t\t\t\t\t\t\t\t\t\t\t\t\t<\/div>\n\t\t\t\t<\/div>\n\t\t\t\t<\/div>\n\t\t<div class=\"elementor-element elementor-element-ae93056 e-con-full e-flex e-con e-child\" data-id=\"ae93056\" data-element_type=\"container\">\n\t\t\t\t<div class=\"elementor-element elementor-element-2576764 elementor-widget elementor-widget-heading\" data-id=\"2576764\" data-element_type=\"widget\" data-widget_type=\"heading.default\">\n\t\t\t\t<div class=\"elementor-widget-container\">\n\t\t\t\t\t<h2 class=\"elementor-heading-title elementor-size-default\">Combatir el espionaje, un reto social<\/h2>\t\t\t\t<\/div>\n\t\t\t\t<\/div>\n\t\t\t\t<div class=\"elementor-element elementor-element-642f01e elementor-widget elementor-widget-text-editor\" data-id=\"642f01e\" data-element_type=\"widget\" data-widget_type=\"text-editor.default\">\n\t\t\t\t<div class=\"elementor-widget-container\">\n\t\t\t\t\t\t\t\t\t<p><span style=\"font-weight: 400;\">Oggi, gran parte del cibo prodotto in Francia, Europa e nel mondo viene perso o sprecato ogni anno. In Europa, circa 89 milioni di tonnellate di carburante vengono perdute e scartate ogni anno, rispetto a 20% di produzione alimentare. Este desperdicio se produce en todas las fases: entre los productores, donde algunas frutas o verduras no se recogen (frutas y verduras crudas, soja...), entre los intermediarios y en las fases de transporte, y a veces incluso entre los clientes finales.  <\/span><\/p>\n<p><span style=\"font-weight: 400;\">I costi stimati amontano a 143 miliardi di euro, colpendo non solo i produttori, ma anche i consumatori e il nostro ambiente, poich\u00e9 sono state utilizzate risorse (acqua, suolo, energia) per produrli. Aujourd'hui, il est essentiel de repenser notre syst\u00e8me alimentaire afin de minimiser les d\u00e9chets alimentaires et d'adopter des solutions plus durables. <\/span><\/p>\n\t\t\t\t\t\t\t\t<\/div>\n\t\t\t\t<\/div>\n\t\t\t\t<\/div>\n\t\t\t\t\t<\/div>\n\t\t\t\t<\/div>\n\t\t<div class=\"elementor-element elementor-element-55a93c6 e-flex e-con-boxed e-con e-parent\" data-id=\"55a93c6\" data-element_type=\"container\">\n\t\t\t\t\t<div class=\"e-con-inner\">\n\t\t<div class=\"elementor-element elementor-element-d453ac2 e-con-full e-flex e-con e-child\" data-id=\"d453ac2\" data-element_type=\"container\" data-settings=\"{&quot;background_background&quot;:&quot;classic&quot;}\">\n\t\t\t\t<\/div>\n\t\t<div class=\"elementor-element elementor-element-1e128d3 e-con-full e-flex e-con e-child\" data-id=\"1e128d3\" data-element_type=\"container\">\n\t\t\t\t<div class=\"elementor-element elementor-element-35f97bf elementor-widget elementor-widget-heading\" data-id=\"35f97bf\" data-element_type=\"widget\" data-widget_type=\"heading.default\">\n\t\t\t\t<div class=\"elementor-widget-container\">\n\t\t\t\t\t<h2 class=\"elementor-heading-title elementor-size-default\">El proyecto SISTERS en el contexto del programa Horizonte 2020<\/h2>\t\t\t\t<\/div>\n\t\t\t\t<\/div>\n\t\t\t\t<div class=\"elementor-element elementor-element-318e203 elementor-widget elementor-widget-text-editor\" data-id=\"318e203\" data-element_type=\"widget\" data-widget_type=\"text-editor.default\">\n\t\t\t\t<div class=\"elementor-widget-container\">\n\t\t\t\t\t\t\t\t\t<p>El proyecto regional forma parte de un proyecto m\u00e1s amplio, el proyecto <span style=\"text-decoration: underline;\"><span style=\"color: #000000;\"><a style=\"color: #000000; text-decoration: underline;\" href=\"https:\/\/sistersproject.eu\/\">proyecto Hermanas<\/a><\/span><\/span> financiado por la Uni\u00f3n Europea en el marco del programa Horizonte 2020. El proyecto Sisters re\u00fane a 18 actores europeos que participan en el lote del sector alimentario y pretende aportar una serie de innovaciones para un enfoque m\u00e1s sostenible de la producci\u00f3n y la distribuci\u00f3n de alimentos en Europa.<\/p>\n\t\t\t\t\t\t\t\t<\/div>\n\t\t\t\t<\/div>\n\t\t\t\t<div class=\"elementor-element elementor-element-66da73b elementor-mobile-align-justify elementor-widget elementor-widget-button\" data-id=\"66da73b\" data-element_type=\"widget\" data-widget_type=\"button.default\">\n\t\t\t\t<div class=\"elementor-widget-container\">\n\t\t\t\t\t\t\t\t\t<div class=\"elementor-button-wrapper\">\n\t\t\t\t\t<a class=\"elementor-button elementor-button-link elementor-size-sm\" href=\"https:\/\/sistersproject.eu\/\" target=\"_blank\">\n\t\t\t\t\t\t<span class=\"elementor-button-content-wrapper\">\n\t\t\t\t\t\t\t\t\t<span class=\"elementor-button-text\">Para saber m\u00e1s<\/span>\n\t\t\t\t\t<\/span>\n\t\t\t\t\t<\/a>\n\t\t\t\t<\/div>\n\t\t\t\t\t\t\t\t<\/div>\n\t\t\t\t<\/div>\n\t\t\t\t<\/div>\n\t\t\t\t\t<\/div>\n\t\t\t\t<\/div>\n\t\t<div class=\"elementor-element elementor-element-ef18bd6 e-flex e-con-boxed e-con e-parent\" data-id=\"ef18bd6\" data-element_type=\"container\">\n\t\t\t\t\t<div class=\"e-con-inner\">\n\t\t<div class=\"elementor-element elementor-element-04b9783 e-con-full e-flex e-con e-child\" data-id=\"04b9783\" data-element_type=\"container\" data-settings=\"{&quot;background_background&quot;:&quot;classic&quot;}\">\n\t\t\t\t<\/div>\n\t\t<div class=\"elementor-element elementor-element-18a2fde e-con-full e-flex e-con e-child\" data-id=\"18a2fde\" data-element_type=\"container\">\n\t\t\t\t<div class=\"elementor-element elementor-element-d578c39 elementor-widget elementor-widget-heading\" data-id=\"d578c39\" data-element_type=\"widget\" data-widget_type=\"heading.default\">\n\t\t\t\t<div class=\"elementor-widget-container\">\n\t\t\t\t\t<h2 class=\"elementor-heading-title elementor-size-default\">L'agenzia BM Services<\/h2>\t\t\t\t<\/div>\n\t\t\t\t<\/div>\n\t\t\t\t<div class=\"elementor-element elementor-element-a4e02ed elementor-widget elementor-widget-text-editor\" data-id=\"a4e02ed\" data-element_type=\"widget\" data-widget_type=\"text-editor.default\">\n\t\t\t\t<div class=\"elementor-widget-container\">\n\t\t\t\t\t\t\t\t\t<p>Creada en 2012 y con sede en Loz\u00e8re, BM Services es un equipo de 20 profesionales que trabajan en diversos \u00e1mbitos de especializaci\u00f3n. A seconda dei progetti, facciamo intervenire l'esperienza dei vari team per fornire il know-how necessario. Esta organizaci\u00f3n interfuncional nos permite adaptarnos a cualquier tipo de problema relacionado con el desarrollo digital o la comunicaci\u00f3n. En 2021, BM Services entrar\u00e1 a formar parte del proyecto SISTERS para llevar a t\u00e9rmino el desarrollo de una soluci\u00f3n de comercio electr\u00f3nico de filiera corta dedicada a los productores de fruta y verdura.   <\/p>\n\t\t\t\t\t\t\t\t<\/div>\n\t\t\t\t<\/div>\n\t\t\t\t<div class=\"elementor-element elementor-element-ee1ac73 elementor-mobile-align-justify elementor-widget elementor-widget-button\" data-id=\"ee1ac73\" data-element_type=\"widget\" data-widget_type=\"button.default\">\n\t\t\t\t<div class=\"elementor-widget-container\">\n\t\t\t\t\t\t\t\t\t<div class=\"elementor-button-wrapper\">\n\t\t\t\t\t<a class=\"elementor-button elementor-button-link elementor-size-sm\" href=\"https:\/\/bm-services.com\" target=\"_blank\">\n\t\t\t\t\t\t<span class=\"elementor-button-content-wrapper\">\n\t\t\t\t\t\t\t\t\t<span class=\"elementor-button-text\">Para saber m\u00e1s<\/span>\n\t\t\t\t\t<\/span>\n\t\t\t\t\t<\/a>\n\t\t\t\t<\/div>\n\t\t\t\t\t\t\t\t<\/div>\n\t\t\t\t<\/div>\n\t\t\t\t<\/div>\n\t\t\t\t\t<\/div>\n\t\t\t\t<\/div>\n\t\t\t\t<\/div>","protected":false},"excerpt":{"rendered":"<p>Informazioni La soluzione Saas di Regioneo \u00e8 sviluppata dall&rsquo;agenzia web BM Services. Da oltre 20 anni, il nostro team supporta la trasformazione digitale di artigiani, commercianti e imprese. Combattere lo spreco, una sfida sociale Oggi, gran parte del cibo prodotto in Francia, Europa e nel mondo viene perso o sprecato ogni anno. In Europa, circa [&hellip;]<\/p>","protected":false},"author":1,"featured_media":0,"parent":0,"menu_order":0,"comment_status":"closed","ping_status":"closed","template":"","meta":{"_seopress_robots_primary_cat":"","_seopress_titles_title":"Informazioni su Regioneo: La Soluzione Anti-Spreco per i Produttori","_seopress_titles_desc":"Scopri Regioneo: Creiamo per te un sito e-commerce in meno di un giorno per vendere i tuoi frutti e verdure. Soluzione anti-spreco! ","_seopress_robots_index":"","footnotes":""},"class_list":["post-873","page","type-page","status-publish","hentry"],"_links":{"self":[{"href":"https:\/\/www.regioneo.com\/es\/wp-json\/wp\/v2\/pages\/873","targetHints":{"allow":["GET"]}}],"collection":[{"href":"https:\/\/www.regioneo.com\/es\/wp-json\/wp\/v2\/pages"}],"about":[{"href":"https:\/\/www.regioneo.com\/es\/wp-json\/wp\/v2\/types\/page"}],"author":[{"embeddable":true,"href":"https:\/\/www.regioneo.com\/es\/wp-json\/wp\/v2\/users\/1"}],"replies":[{"embeddable":true,"href":"https:\/\/www.regioneo.com\/es\/wp-json\/wp\/v2\/comments?post=873"}],"version-history":[{"count":9,"href":"https:\/\/www.regioneo.com\/es\/wp-json\/wp\/v2\/pages\/873\/revisions"}],"predecessor-version":[{"id":1427,"href":"https:\/\/www.regioneo.com\/es\/wp-json\/wp\/v2\/pages\/873\/revisions\/1427"}],"wp:attachment":[{"href":"https:\/\/www.regioneo.com\/es\/wp-json\/wp\/v2\/media?parent=873"}],"curies":[{"name":"wp","href":"https:\/\/api.w.org\/{rel}","templated":true}]}}

Información

<div data-elementor-type="wp-page" data-elementor-id="873" class="elementor elementor-873" data-elementor-post-type="page">
				<div class="elementor-element elementor-element-663adc5 e-con-full e-flex e-con e-parent" data-id="663adc5" data-element_type="container" data-settings="{&quot;background_background&quot;:&quot;classic&quot;}">
		<div class="elementor-element elementor-element-42f57f3 e-flex e-con-boxed e-con e-child" data-id="42f57f3" data-element_type="container">
					<div class="e-con-inner">
				<div class="elementor-element elementor-element-3a57c83 elementor-widget elementor-widget-heading" data-id="3a57c83" data-element_type="widget" data-widget_type="heading.default">
				<div class="elementor-widget-container">
					<h1 class="elementor-heading-title elementor-size-default">Información</h1>				</div>
				</div>
					</div>
				</div>
				</div>
		<div class="elementor-element elementor-element-a70327e e-flex e-con-boxed e-con e-parent" data-id="a70327e" data-element_type="container">
					<div class="e-con-inner">
				<div class="elementor-element elementor-element-8aa6579 elementor-widget__width-initial elementor-widget elementor-widget-text-editor" data-id="8aa6579" data-element_type="widget" data-widget_type="text-editor.default">
				<div class="elementor-widget-container">
									<p>La solución Saas de Regioneo está desarrollada por la agencia web BM Services. Durante más de 20 años, nuestro equipo ha apoyado la transformación digital de artistas, minoristas y empresas. </p>
								</div>
				</div>
					</div>
				</div>
		<div class="elementor-element elementor-element-611ae2b e-flex e-con-boxed e-con e-parent" data-id="611ae2b" data-element_type="container">
					<div class="e-con-inner">
		<div class="elementor-element elementor-element-7e4513c e-con-full e-flex e-con e-child" data-id="7e4513c" data-element_type="container" data-settings="{&quot;background_background&quot;:&quot;classic&quot;}">
				<div class="elementor-element elementor-element-b614d3b elementor-widget elementor-widget-image" data-id="b614d3b" data-element_type="widget" data-widget_type="image.default">
				<div class="elementor-widget-container">
															<img fetchpriority="high" decoding="async" width="800" height="600" src="https://www.regioneo.com/wp-content/uploads/2025/12/Donnee_espagnole.jpg" class="attachment-full size-full wp-image-1408" alt="cifras contra los residuos en Europa" srcset="https://www.regioneo.com/wp-content/uploads/2025/12/Donnee_espagnole.jpg 801w, https://www.regioneo.com/wp-content/uploads/2025/12/Donnee_espagnole-300x225.jpg 300w, https://www.regioneo.com/wp-content/uploads/2025/12/Donnee_espagnole-768x575.jpg 768w, https://www.regioneo.com/wp-content/uploads/2025/12/Donnee_espagnole-16x12.jpg 16w" sizes="(max-width: 800px) 100vw, 800px" />															</div>
				</div>
				</div>
		<div class="elementor-element elementor-element-ae93056 e-con-full e-flex e-con e-child" data-id="ae93056" data-element_type="container">
				<div class="elementor-element elementor-element-2576764 elementor-widget elementor-widget-heading" data-id="2576764" data-element_type="widget" data-widget_type="heading.default">
				<div class="elementor-widget-container">
					<h2 class="elementor-heading-title elementor-size-default">Combatir el espionaje, un reto social</h2>				</div>
				</div>
				<div class="elementor-element elementor-element-642f01e elementor-widget elementor-widget-text-editor" data-id="642f01e" data-element_type="widget" data-widget_type="text-editor.default">
				<div class="elementor-widget-container">
									<p><span style="font-weight: 400;">Oggi, gran parte del cibo prodotto in Francia, Europa e nel mondo viene perso o sprecato ogni anno. In Europa, circa 89 milioni di tonnellate di carburante vengono perdute e scartate ogni anno, rispetto a 20% di produzione alimentare. Este desperdicio se produce en todas las fases: entre los productores, donde algunas frutas o verduras no se recogen (frutas y verduras crudas, soja...), entre los intermediarios y en las fases de transporte, y a veces incluso entre los clientes finales.  </span></p>
<p><span style="font-weight: 400;">I costi stimati amontano a 143 miliardi di euro, colpendo non solo i produttori, ma anche i consumatori e il nostro ambiente, poiché sono state utilizzate risorse (acqua, suolo, energia) per produrli. Aujourd'hui, il est essentiel de repenser notre système alimentaire afin de minimiser les déchets alimentaires et d'adopter des solutions plus durables. </span></p>
								</div>
				</div>
				</div>
					</div>
				</div>
		<div class="elementor-element elementor-element-55a93c6 e-flex e-con-boxed e-con e-parent" data-id="55a93c6" data-element_type="container">
					<div class="e-con-inner">
		<div class="elementor-element elementor-element-d453ac2 e-con-full e-flex e-con e-child" data-id="d453ac2" data-element_type="container" data-settings="{&quot;background_background&quot;:&quot;classic&quot;}">
				</div>
		<div class="elementor-element elementor-element-1e128d3 e-con-full e-flex e-con e-child" data-id="1e128d3" data-element_type="container">
				<div class="elementor-element elementor-element-35f97bf elementor-widget elementor-widget-heading" data-id="35f97bf" data-element_type="widget" data-widget_type="heading.default">
				<div class="elementor-widget-container">
					<h2 class="elementor-heading-title elementor-size-default">El proyecto SISTERS en el contexto del programa Horizonte 2020</h2>				</div>
				</div>
				<div class="elementor-element elementor-element-318e203 elementor-widget elementor-widget-text-editor" data-id="318e203" data-element_type="widget" data-widget_type="text-editor.default">
				<div class="elementor-widget-container">
									<p>El proyecto regional forma parte de un proyecto más amplio, el proyecto <span style="text-decoration: underline;"><span style="color: #000000;"><a style="color: #000000; text-decoration: underline;" href="https://sistersproject.eu/">proyecto Hermanas</a></span></span> financiado por la Unión Europea en el marco del programa Horizonte 2020. El proyecto Sisters reúne a 18 actores europeos que participan en el lote del sector alimentario y pretende aportar una serie de innovaciones para un enfoque más sostenible de la producción y la distribución de alimentos en Europa.</p>
								</div>
				</div>
				<div class="elementor-element elementor-element-66da73b elementor-mobile-align-justify elementor-widget elementor-widget-button" data-id="66da73b" data-element_type="widget" data-widget_type="button.default">
				<div class="elementor-widget-container">
									<div class="elementor-button-wrapper">
					<a class="elementor-button elementor-button-link elementor-size-sm" href="https://sistersproject.eu/" target="_blank">
						<span class="elementor-button-content-wrapper">
									<span class="elementor-button-text">Para saber más</span>
					</span>
					</a>
				</div>
								</div>
				</div>
				</div>
					</div>
				</div>
		<div class="elementor-element elementor-element-ef18bd6 e-flex e-con-boxed e-con e-parent" data-id="ef18bd6" data-element_type="container">
					<div class="e-con-inner">
		<div class="elementor-element elementor-element-04b9783 e-con-full e-flex e-con e-child" data-id="04b9783" data-element_type="container" data-settings="{&quot;background_background&quot;:&quot;classic&quot;}">
				</div>
		<div class="elementor-element elementor-element-18a2fde e-con-full e-flex e-con e-child" data-id="18a2fde" data-element_type="container">
				<div class="elementor-element elementor-element-d578c39 elementor-widget elementor-widget-heading" data-id="d578c39" data-element_type="widget" data-widget_type="heading.default">
				<div class="elementor-widget-container">
					<h2 class="elementor-heading-title elementor-size-default">L'agenzia BM Services</h2>				</div>
				</div>
				<div class="elementor-element elementor-element-a4e02ed elementor-widget elementor-widget-text-editor" data-id="a4e02ed" data-element_type="widget" data-widget_type="text-editor.default">
				<div class="elementor-widget-container">
									<p>Creada en 2012 y con sede en Lozère, BM Services es un equipo de 20 profesionales que trabajan en diversos ámbitos de especialización. A seconda dei progetti, facciamo intervenire l'esperienza dei vari team per fornire il know-how necessario. Esta organización interfuncional nos permite adaptarnos a cualquier tipo de problema relacionado con el desarrollo digital o la comunicación. En 2021, BM Services entrará a formar parte del proyecto SISTERS para llevar a término el desarrollo de una solución de comercio electrónico de filiera corta dedicada a los productores de fruta y verdura.   </p>
								</div>
				</div>
				<div class="elementor-element elementor-element-ee1ac73 elementor-mobile-align-justify elementor-widget elementor-widget-button" data-id="ee1ac73" data-element_type="widget" data-widget_type="button.default">
				<div class="elementor-widget-container">
									<div class="elementor-button-wrapper">
					<a class="elementor-button elementor-button-link elementor-size-sm" href="https://bm-services.com" target="_blank">
						<span class="elementor-button-content-wrapper">
									<span class="elementor-button-text">Para saber más</span>
					</span>
					</a>
				</div>
								</div>
				</div>
				</div>
					</div>
				</div>
				</div>

<p>Informazioni La soluzione Saas di Regioneo è sviluppata dall&rsquo;agenzia web BM Services. Da oltre 20 anni, il nostro team supporta la trasformazione digitale di artigiani, commercianti e imprese. Combattere lo spreco, una sfida sociale Oggi, gran parte del cibo prodotto in Francia, Europa e nel mondo viene perso o sprecato ogni anno. In Europa, circa [&hellip;]</p>
