{"id":875,"date":"2024-09-25T16:39:02","date_gmt":"2024-09-25T14:39:02","guid":{"rendered":"https:\/\/www.regioneo.com\/acerca-de\/"},"modified":"2024-12-02T18:13:40","modified_gmt":"2024-12-02T17:13:40","slug":"acerca-de","status":"publish","type":"page","link":"https:\/\/www.regioneo.com\/it\/acerca-de\/","title":{"rendered":"Acerca de"},"content":{"rendered":"<div data-elementor-type=\"wp-page\" data-elementor-id=\"875\" class=\"elementor elementor-875\" data-elementor-post-type=\"page\">\n\t\t\t\t<div class=\"elementor-element elementor-element-663adc5 e-con-full e-flex e-con e-parent\" data-id=\"663adc5\" data-element_type=\"container\" data-settings=\"{&quot;background_background&quot;:&quot;classic&quot;}\">\n\t\t<div class=\"elementor-element elementor-element-42f57f3 e-flex e-con-boxed e-con e-child\" data-id=\"42f57f3\" data-element_type=\"container\">\n\t\t\t\t\t<div class=\"e-con-inner\">\n\t\t\t\t<div class=\"elementor-element elementor-element-3a57c83 elementor-widget elementor-widget-heading\" data-id=\"3a57c83\" data-element_type=\"widget\" data-widget_type=\"heading.default\">\n\t\t\t\t<div class=\"elementor-widget-container\">\n\t\t\t\t\t<h1 class=\"elementor-heading-title elementor-size-default\">Acerca de<\/h1>\t\t\t\t<\/div>\n\t\t\t\t<\/div>\n\t\t\t\t\t<\/div>\n\t\t\t\t<\/div>\n\t\t\t\t<\/div>\n\t\t<div class=\"elementor-element elementor-element-a70327e e-flex e-con-boxed e-con e-parent\" data-id=\"a70327e\" data-element_type=\"container\">\n\t\t\t\t\t<div class=\"e-con-inner\">\n\t\t\t\t<div class=\"elementor-element elementor-element-8aa6579 elementor-widget__width-initial elementor-widget elementor-widget-text-editor\" data-id=\"8aa6579\" data-element_type=\"widget\" data-widget_type=\"text-editor.default\">\n\t\t\t\t<div class=\"elementor-widget-container\">\n\t\t\t\t\t\t\t\t\t<p>La soluzione Saas di Regioneo \u00e8 sviluppata dalla web agency BM Services. Da oltre 20 anni, il nostro team supporta la trasformazione digitale di artisti, rivenditori e aziende. <\/p>\n\t\t\t\t\t\t\t\t<\/div>\n\t\t\t\t<\/div>\n\t\t\t\t\t<\/div>\n\t\t\t\t<\/div>\n\t\t<div class=\"elementor-element elementor-element-611ae2b e-flex e-con-boxed e-con e-parent\" data-id=\"611ae2b\" data-element_type=\"container\">\n\t\t\t\t\t<div class=\"e-con-inner\">\n\t\t<div class=\"elementor-element elementor-element-7e4513c e-con-full e-flex e-con e-child\" data-id=\"7e4513c\" data-element_type=\"container\" data-settings=\"{&quot;background_background&quot;:&quot;classic&quot;}\">\n\t\t\t\t<div class=\"elementor-element elementor-element-b614d3b elementor-widget elementor-widget-image\" data-id=\"b614d3b\" data-element_type=\"widget\" data-widget_type=\"image.default\">\n\t\t\t\t<div class=\"elementor-widget-container\">\n\t\t\t\t\t\t\t\t\t\t\t\t\t\t\t<img fetchpriority=\"high\" decoding=\"async\" width=\"800\" height=\"600\" src=\"https:\/\/www.regioneo.com\/wp-content\/uploads\/2025\/12\/Donnee_iatlien.jpg\" class=\"attachment-full size-full wp-image-1408\" alt=\"cifre contro lo spreco in Europa\" srcset=\"https:\/\/www.regioneo.com\/wp-content\/uploads\/2025\/12\/Donnee_iatlien.jpg 800w, https:\/\/www.regioneo.com\/wp-content\/uploads\/2025\/12\/Donnee_iatlien-300x225.jpg 300w, https:\/\/www.regioneo.com\/wp-content\/uploads\/2025\/12\/Donnee_iatlien-768x577.jpg 768w, https:\/\/www.regioneo.com\/wp-content\/uploads\/2025\/12\/Donnee_iatlien-16x12.jpg 16w\" sizes=\"(max-width: 800px) 100vw, 800px\" \/>\t\t\t\t\t\t\t\t\t\t\t\t\t\t\t<\/div>\n\t\t\t\t<\/div>\n\t\t\t\t<\/div>\n\t\t<div class=\"elementor-element elementor-element-ae93056 e-con-full e-flex e-con e-child\" data-id=\"ae93056\" data-element_type=\"container\">\n\t\t\t\t<div class=\"elementor-element elementor-element-2576764 elementor-widget elementor-widget-heading\" data-id=\"2576764\" data-element_type=\"widget\" data-widget_type=\"heading.default\">\n\t\t\t\t<div class=\"elementor-widget-container\">\n\t\t\t\t\t<h2 class=\"elementor-heading-title elementor-size-default\">Lottare contro il disperato, un problema sociale<\/h2>\t\t\t\t<\/div>\n\t\t\t\t<\/div>\n\t\t\t\t<div class=\"elementor-element elementor-element-642f01e elementor-widget elementor-widget-text-editor\" data-id=\"642f01e\" data-element_type=\"widget\" data-widget_type=\"text-editor.default\">\n\t\t\t\t<div class=\"elementor-widget-container\">\n\t\t\t\t\t\t\t\t\t<p><span style=\"font-weight: 400;\">Oggi una gran parte degli alimenti prodotti in Francia, in Europa e nel mondo va persa o sprecata ogni anno. In Europa, ogni anno si perdono e si sprecano circa 89 milioni di tonnellate di cibo, pari al 20% della produzione alimentare. Questo spreco avviene in tutte le fasi: presso i produttori dove alcuni frutti o verdure non vengono consumati (frutta e verdura, produzione industriale...), presso gli intermediari e durante il trasporto, e talvolta anche presso i clienti finali.  <\/span><\/p>\n<p><span style=\"font-weight: 400;\">I costi stimati ammontano a 143 milioni di euro, con ripercussioni non solo sui produttori, ma anche sui consumatori e sul nostro ambiente, dato che per produrli si sono utilizzate risorse (acqua, suolo, energia). Oggi \u00e8 fondamentale ricostituire il nostro sistema alimentare per ridurre al minimo le perdite di cibo e per avanzare verso soluzioni pi\u00f9 sostenibili. <\/span><\/p>\n\t\t\t\t\t\t\t\t<\/div>\n\t\t\t\t<\/div>\n\t\t\t\t<\/div>\n\t\t\t\t\t<\/div>\n\t\t\t\t<\/div>\n\t\t<div class=\"elementor-element elementor-element-55a93c6 e-flex e-con-boxed e-con e-parent\" data-id=\"55a93c6\" data-element_type=\"container\">\n\t\t\t\t\t<div class=\"e-con-inner\">\n\t\t<div class=\"elementor-element elementor-element-d453ac2 e-con-full e-flex e-con e-child\" data-id=\"d453ac2\" data-element_type=\"container\" data-settings=\"{&quot;background_background&quot;:&quot;classic&quot;}\">\n\t\t\t\t<\/div>\n\t\t<div class=\"elementor-element elementor-element-1e128d3 e-con-full e-flex e-con e-child\" data-id=\"1e128d3\" data-element_type=\"container\">\n\t\t\t\t<div class=\"elementor-element elementor-element-35f97bf elementor-widget elementor-widget-heading\" data-id=\"35f97bf\" data-element_type=\"widget\" data-widget_type=\"heading.default\">\n\t\t\t\t<div class=\"elementor-widget-container\">\n\t\t\t\t\t<h2 class=\"elementor-heading-title elementor-size-default\">Il progetto SISTERS nel quadro del programma Horizon 2020<\/h2>\t\t\t\t<\/div>\n\t\t\t\t<\/div>\n\t\t\t\t<div class=\"elementor-element elementor-element-318e203 elementor-widget elementor-widget-text-editor\" data-id=\"318e203\" data-element_type=\"widget\" data-widget_type=\"text-editor.default\">\n\t\t\t\t<div class=\"elementor-widget-container\">\n\t\t\t\t\t\t\t\t\t<p>Il progetto Regioneo \u00e8 parte di un progetto pi\u00f9 ampio, il progetto <span style=\"text-decoration: underline;\"><span style=\"color: #000000;\"><a style=\"color: #000000; text-decoration: underline;\" href=\"https:\/\/sistersproject.eu\/\">progetto Hermanas<\/a><\/span><\/span> finanziato dall'Unione Europea nell'ambito della convocazione dei progetti Horizonte 2020. Il progetto Sisters riunisce 18 attori europei coinvolti nella lotta contro la distruzione degli alimenti e intende proporre una serie di innovazioni per un approccio pi\u00f9 sostenibile alla produzione e alla distribuzione degli alimenti in Europa.<\/p>\n\t\t\t\t\t\t\t\t<\/div>\n\t\t\t\t<\/div>\n\t\t\t\t<div class=\"elementor-element elementor-element-66da73b elementor-mobile-align-justify elementor-widget elementor-widget-button\" data-id=\"66da73b\" data-element_type=\"widget\" data-widget_type=\"button.default\">\n\t\t\t\t<div class=\"elementor-widget-container\">\n\t\t\t\t\t\t\t\t\t<div class=\"elementor-button-wrapper\">\n\t\t\t\t\t<a class=\"elementor-button elementor-button-link elementor-size-sm\" href=\"https:\/\/sistersproject.eu\/\" target=\"_blank\">\n\t\t\t\t\t\t<span class=\"elementor-button-content-wrapper\">\n\t\t\t\t\t\t\t\t\t<span class=\"elementor-button-text\">Ulteriori informazioni<\/span>\n\t\t\t\t\t<\/span>\n\t\t\t\t\t<\/a>\n\t\t\t\t<\/div>\n\t\t\t\t\t\t\t\t<\/div>\n\t\t\t\t<\/div>\n\t\t\t\t<\/div>\n\t\t\t\t\t<\/div>\n\t\t\t\t<\/div>\n\t\t<div class=\"elementor-element elementor-element-ef18bd6 e-flex e-con-boxed e-con e-parent\" data-id=\"ef18bd6\" data-element_type=\"container\">\n\t\t\t\t\t<div class=\"e-con-inner\">\n\t\t<div class=\"elementor-element elementor-element-04b9783 e-con-full e-flex e-con e-child\" data-id=\"04b9783\" data-element_type=\"container\" data-settings=\"{&quot;background_background&quot;:&quot;classic&quot;}\">\n\t\t\t\t<\/div>\n\t\t<div class=\"elementor-element elementor-element-18a2fde e-con-full e-flex e-con e-child\" data-id=\"18a2fde\" data-element_type=\"container\">\n\t\t\t\t<div class=\"elementor-element elementor-element-d578c39 elementor-widget elementor-widget-heading\" data-id=\"d578c39\" data-element_type=\"widget\" data-widget_type=\"heading.default\">\n\t\t\t\t<div class=\"elementor-widget-container\">\n\t\t\t\t\t<h2 class=\"elementor-heading-title elementor-size-default\">L'agenzia BM Services<\/h2>\t\t\t\t<\/div>\n\t\t\t\t<\/div>\n\t\t\t\t<div class=\"elementor-element elementor-element-a4e02ed elementor-widget elementor-widget-text-editor\" data-id=\"a4e02ed\" data-element_type=\"widget\" data-widget_type=\"text-editor.default\">\n\t\t\t\t<div class=\"elementor-widget-container\">\n\t\t\t\t\t\t\t\t\t<p>Fondata nel 2012 e con sede a Loz\u00e8re, BM Services \u00e8 un'equipe di 20 professionisti distribuiti in diversi settori di competenza. A seconda dei progetti, ricorriamo all'esperienza dei diversi team per fornire le conoscenze necessarie. Questa organizzazione interfunzionale ci permette di adattarci a qualsiasi tipo di problema di sviluppo digitale o di comunicazione. Nel 2021, BM Services si \u00e8 unita al progetto SISTERS per portare a termine lo sviluppo di una soluzione di commercio elettronico a circuito corto dedicata ai produttori di frutta e verdura.   <\/p>\n\t\t\t\t\t\t\t\t<\/div>\n\t\t\t\t<\/div>\n\t\t\t\t<div class=\"elementor-element elementor-element-ee1ac73 elementor-mobile-align-justify elementor-widget elementor-widget-button\" data-id=\"ee1ac73\" data-element_type=\"widget\" data-widget_type=\"button.default\">\n\t\t\t\t<div class=\"elementor-widget-container\">\n\t\t\t\t\t\t\t\t\t<div class=\"elementor-button-wrapper\">\n\t\t\t\t\t<a class=\"elementor-button elementor-button-link elementor-size-sm\" href=\"https:\/\/bm-services.com\" target=\"_blank\">\n\t\t\t\t\t\t<span class=\"elementor-button-content-wrapper\">\n\t\t\t\t\t\t\t\t\t<span class=\"elementor-button-text\">Ulteriori informazioni<\/span>\n\t\t\t\t\t<\/span>\n\t\t\t\t\t<\/a>\n\t\t\t\t<\/div>\n\t\t\t\t\t\t\t\t<\/div>\n\t\t\t\t<\/div>\n\t\t\t\t<\/div>\n\t\t\t\t\t<\/div>\n\t\t\t\t<\/div>\n\t\t\t\t<\/div>","protected":false},"excerpt":{"rendered":"<p>Acerca de La soluci\u00f3n Saas de Regioneo es desarrollada por la agencia web BM Services. Durante m\u00e1s de 20 a\u00f1os, nuestro equipo ha acompa\u00f1ado la transformaci\u00f3n digital de artesanos, comerciantes y empresas. Luchar contra el desperdicio, un desaf\u00edo social Hoy en d\u00eda, una gran parte de los alimentos producidos en Francia, Europa y en el [&hellip;]<\/p>","protected":false},"author":1,"featured_media":0,"parent":0,"menu_order":0,"comment_status":"closed","ping_status":"closed","template":"","meta":{"_seopress_robots_primary_cat":"","_seopress_titles_title":"Acerca de Regioneo: La Soluci\u00f3n Anti-Desperdicio para Productores","_seopress_titles_desc":"Descubre Regioneo: Creamos para ti un sitio de comercio electr\u00f3nico en menos de un d\u00eda para vender tus frutas y verduras. \u00a1Soluci\u00f3n anti-desperdicio! ","_seopress_robots_index":"","footnotes":""},"class_list":["post-875","page","type-page","status-publish","hentry"],"_links":{"self":[{"href":"https:\/\/www.regioneo.com\/it\/wp-json\/wp\/v2\/pages\/875","targetHints":{"allow":["GET"]}}],"collection":[{"href":"https:\/\/www.regioneo.com\/it\/wp-json\/wp\/v2\/pages"}],"about":[{"href":"https:\/\/www.regioneo.com\/it\/wp-json\/wp\/v2\/types\/page"}],"author":[{"embeddable":true,"href":"https:\/\/www.regioneo.com\/it\/wp-json\/wp\/v2\/users\/1"}],"replies":[{"embeddable":true,"href":"https:\/\/www.regioneo.com\/it\/wp-json\/wp\/v2\/comments?post=875"}],"version-history":[{"count":9,"href":"https:\/\/www.regioneo.com\/it\/wp-json\/wp\/v2\/pages\/875\/revisions"}],"predecessor-version":[{"id":1426,"href":"https:\/\/www.regioneo.com\/it\/wp-json\/wp\/v2\/pages\/875\/revisions\/1426"}],"wp:attachment":[{"href":"https:\/\/www.regioneo.com\/it\/wp-json\/wp\/v2\/media?parent=875"}],"curies":[{"name":"wp","href":"https:\/\/api.w.org\/{rel}","templated":true}]}}

<div data-elementor-type="wp-page" data-elementor-id="875" class="elementor elementor-875" data-elementor-post-type="page">
				<div class="elementor-element elementor-element-663adc5 e-con-full e-flex e-con e-parent" data-id="663adc5" data-element_type="container" data-settings="{&quot;background_background&quot;:&quot;classic&quot;}">
		<div class="elementor-element elementor-element-42f57f3 e-flex e-con-boxed e-con e-child" data-id="42f57f3" data-element_type="container">
					<div class="e-con-inner">
				<div class="elementor-element elementor-element-3a57c83 elementor-widget elementor-widget-heading" data-id="3a57c83" data-element_type="widget" data-widget_type="heading.default">
				<div class="elementor-widget-container">
					<h1 class="elementor-heading-title elementor-size-default">Acerca de</h1>				</div>
				</div>
					</div>
				</div>
				</div>
		<div class="elementor-element elementor-element-a70327e e-flex e-con-boxed e-con e-parent" data-id="a70327e" data-element_type="container">
					<div class="e-con-inner">
				<div class="elementor-element elementor-element-8aa6579 elementor-widget__width-initial elementor-widget elementor-widget-text-editor" data-id="8aa6579" data-element_type="widget" data-widget_type="text-editor.default">
				<div class="elementor-widget-container">
									<p>La soluzione Saas di Regioneo è sviluppata dalla web agency BM Services. Da oltre 20 anni, il nostro team supporta la trasformazione digitale di artisti, rivenditori e aziende. </p>
								</div>
				</div>
					</div>
				</div>
		<div class="elementor-element elementor-element-611ae2b e-flex e-con-boxed e-con e-parent" data-id="611ae2b" data-element_type="container">
					<div class="e-con-inner">
		<div class="elementor-element elementor-element-7e4513c e-con-full e-flex e-con e-child" data-id="7e4513c" data-element_type="container" data-settings="{&quot;background_background&quot;:&quot;classic&quot;}">
				<div class="elementor-element elementor-element-b614d3b elementor-widget elementor-widget-image" data-id="b614d3b" data-element_type="widget" data-widget_type="image.default">
				<div class="elementor-widget-container">
															<img fetchpriority="high" decoding="async" width="800" height="600" src="https://www.regioneo.com/wp-content/uploads/2025/12/Donnee_iatlien.jpg" class="attachment-full size-full wp-image-1408" alt="cifre contro lo spreco in Europa" srcset="https://www.regioneo.com/wp-content/uploads/2025/12/Donnee_iatlien.jpg 800w, https://www.regioneo.com/wp-content/uploads/2025/12/Donnee_iatlien-300x225.jpg 300w, https://www.regioneo.com/wp-content/uploads/2025/12/Donnee_iatlien-768x577.jpg 768w, https://www.regioneo.com/wp-content/uploads/2025/12/Donnee_iatlien-16x12.jpg 16w" sizes="(max-width: 800px) 100vw, 800px" />															</div>
				</div>
				</div>
		<div class="elementor-element elementor-element-ae93056 e-con-full e-flex e-con e-child" data-id="ae93056" data-element_type="container">
				<div class="elementor-element elementor-element-2576764 elementor-widget elementor-widget-heading" data-id="2576764" data-element_type="widget" data-widget_type="heading.default">
				<div class="elementor-widget-container">
					<h2 class="elementor-heading-title elementor-size-default">Lottare contro il disperato, un problema sociale</h2>				</div>
				</div>
				<div class="elementor-element elementor-element-642f01e elementor-widget elementor-widget-text-editor" data-id="642f01e" data-element_type="widget" data-widget_type="text-editor.default">
				<div class="elementor-widget-container">
									<p><span style="font-weight: 400;">Oggi una gran parte degli alimenti prodotti in Francia, in Europa e nel mondo va persa o sprecata ogni anno. In Europa, ogni anno si perdono e si sprecano circa 89 milioni di tonnellate di cibo, pari al 20% della produzione alimentare. Questo spreco avviene in tutte le fasi: presso i produttori dove alcuni frutti o verdure non vengono consumati (frutta e verdura, produzione industriale...), presso gli intermediari e durante il trasporto, e talvolta anche presso i clienti finali.  </span></p>
<p><span style="font-weight: 400;">I costi stimati ammontano a 143 milioni di euro, con ripercussioni non solo sui produttori, ma anche sui consumatori e sul nostro ambiente, dato che per produrli si sono utilizzate risorse (acqua, suolo, energia). Oggi è fondamentale ricostituire il nostro sistema alimentare per ridurre al minimo le perdite di cibo e per avanzare verso soluzioni più sostenibili. </span></p>
								</div>
				</div>
				</div>
					</div>
				</div>
		<div class="elementor-element elementor-element-55a93c6 e-flex e-con-boxed e-con e-parent" data-id="55a93c6" data-element_type="container">
					<div class="e-con-inner">
		<div class="elementor-element elementor-element-d453ac2 e-con-full e-flex e-con e-child" data-id="d453ac2" data-element_type="container" data-settings="{&quot;background_background&quot;:&quot;classic&quot;}">
				</div>
		<div class="elementor-element elementor-element-1e128d3 e-con-full e-flex e-con e-child" data-id="1e128d3" data-element_type="container">
				<div class="elementor-element elementor-element-35f97bf elementor-widget elementor-widget-heading" data-id="35f97bf" data-element_type="widget" data-widget_type="heading.default">
				<div class="elementor-widget-container">
					<h2 class="elementor-heading-title elementor-size-default">Il progetto SISTERS nel quadro del programma Horizon 2020</h2>				</div>
				</div>
				<div class="elementor-element elementor-element-318e203 elementor-widget elementor-widget-text-editor" data-id="318e203" data-element_type="widget" data-widget_type="text-editor.default">
				<div class="elementor-widget-container">
									<p>Il progetto Regioneo è parte di un progetto più ampio, il progetto <span style="text-decoration: underline;"><span style="color: #000000;"><a style="color: #000000; text-decoration: underline;" href="https://sistersproject.eu/">progetto Hermanas</a></span></span> finanziato dall'Unione Europea nell'ambito della convocazione dei progetti Horizonte 2020. Il progetto Sisters riunisce 18 attori europei coinvolti nella lotta contro la distruzione degli alimenti e intende proporre una serie di innovazioni per un approccio più sostenibile alla produzione e alla distribuzione degli alimenti in Europa.</p>
								</div>
				</div>
				<div class="elementor-element elementor-element-66da73b elementor-mobile-align-justify elementor-widget elementor-widget-button" data-id="66da73b" data-element_type="widget" data-widget_type="button.default">
				<div class="elementor-widget-container">
									<div class="elementor-button-wrapper">
					<a class="elementor-button elementor-button-link elementor-size-sm" href="https://sistersproject.eu/" target="_blank">
						<span class="elementor-button-content-wrapper">
									<span class="elementor-button-text">Ulteriori informazioni</span>
					</span>
					</a>
				</div>
								</div>
				</div>
				</div>
					</div>
				</div>
		<div class="elementor-element elementor-element-ef18bd6 e-flex e-con-boxed e-con e-parent" data-id="ef18bd6" data-element_type="container">
					<div class="e-con-inner">
		<div class="elementor-element elementor-element-04b9783 e-con-full e-flex e-con e-child" data-id="04b9783" data-element_type="container" data-settings="{&quot;background_background&quot;:&quot;classic&quot;}">
				</div>
		<div class="elementor-element elementor-element-18a2fde e-con-full e-flex e-con e-child" data-id="18a2fde" data-element_type="container">
				<div class="elementor-element elementor-element-d578c39 elementor-widget elementor-widget-heading" data-id="d578c39" data-element_type="widget" data-widget_type="heading.default">
				<div class="elementor-widget-container">
					<h2 class="elementor-heading-title elementor-size-default">L'agenzia BM Services</h2>				</div>
				</div>
				<div class="elementor-element elementor-element-a4e02ed elementor-widget elementor-widget-text-editor" data-id="a4e02ed" data-element_type="widget" data-widget_type="text-editor.default">
				<div class="elementor-widget-container">
									<p>Fondata nel 2012 e con sede a Lozère, BM Services è un'equipe di 20 professionisti distribuiti in diversi settori di competenza. A seconda dei progetti, ricorriamo all'esperienza dei diversi team per fornire le conoscenze necessarie. Questa organizzazione interfunzionale ci permette di adattarci a qualsiasi tipo di problema di sviluppo digitale o di comunicazione. Nel 2021, BM Services si è unita al progetto SISTERS per portare a termine lo sviluppo di una soluzione di commercio elettronico a circuito corto dedicata ai produttori di frutta e verdura.   </p>
								</div>
				</div>
				<div class="elementor-element elementor-element-ee1ac73 elementor-mobile-align-justify elementor-widget elementor-widget-button" data-id="ee1ac73" data-element_type="widget" data-widget_type="button.default">
				<div class="elementor-widget-container">
									<div class="elementor-button-wrapper">
					<a class="elementor-button elementor-button-link elementor-size-sm" href="https://bm-services.com" target="_blank">
						<span class="elementor-button-content-wrapper">
									<span class="elementor-button-text">Ulteriori informazioni</span>
					</span>
					</a>
				</div>
								</div>
				</div>
				</div>
					</div>
				</div>
				</div>

<p>Acerca de La solución Saas de Regioneo es desarrollada por la agencia web BM Services. Durante más de 20 años, nuestro equipo ha acompañado la transformación digital de artesanos, comerciantes y empresas. Luchar contra el desperdicio, un desafío social Hoy en día, una gran parte de los alimentos producidos en Francia, Europa y en el [&hellip;]</p>

Acerca de Regioneo: La Solución Anti-Desperdicio para Productores

Descubre Regioneo: Creamos para ti un sitio de comercio electrónico en menos de un día para vender tus frutas y verduras. ¡Solución anti-desperdicio!
