{"id":129,"date":"2024-09-25T16:39:02","date_gmt":"2024-09-25T14:39:02","guid":{"rendered":"https:\/\/www.regioneo.com\/?page_id=129"},"modified":"2025-12-04T17:22:10","modified_gmt":"2025-12-04T16:22:10","slug":"a-propos","status":"publish","type":"page","link":"https:\/\/www.regioneo.com\/pt\/a-propos\/","title":{"rendered":"Sobre n\u00f3s"},"content":{"rendered":"<div data-elementor-type=\"wp-page\" data-elementor-id=\"129\" class=\"elementor elementor-129\" data-elementor-post-type=\"page\">\n\t\t\t\t<div class=\"elementor-element elementor-element-663adc5 e-con-full e-flex e-con e-parent\" data-id=\"663adc5\" data-element_type=\"container\" data-settings=\"{&quot;background_background&quot;:&quot;classic&quot;}\">\n\t\t<div class=\"elementor-element elementor-element-42f57f3 e-flex e-con-boxed e-con e-child\" data-id=\"42f57f3\" data-element_type=\"container\">\n\t\t\t\t\t<div class=\"e-con-inner\">\n\t\t\t\t<div class=\"elementor-element elementor-element-3a57c83 elementor-widget elementor-widget-heading\" data-id=\"3a57c83\" data-element_type=\"widget\" data-widget_type=\"heading.default\">\n\t\t\t\t<div class=\"elementor-widget-container\">\n\t\t\t\t\t<h1 class=\"elementor-heading-title elementor-size-default\">Sobre n\u00f3s<\/h1>\t\t\t\t<\/div>\n\t\t\t\t<\/div>\n\t\t\t\t\t<\/div>\n\t\t\t\t<\/div>\n\t\t\t\t<\/div>\n\t\t<div class=\"elementor-element elementor-element-a70327e e-flex e-con-boxed e-con e-parent\" data-id=\"a70327e\" data-element_type=\"container\">\n\t\t\t\t\t<div class=\"e-con-inner\">\n\t\t\t\t<div class=\"elementor-element elementor-element-8aa6579 elementor-widget__width-initial elementor-widget elementor-widget-text-editor\" data-id=\"8aa6579\" data-element_type=\"widget\" data-widget_type=\"text-editor.default\">\n\t\t\t\t<div class=\"elementor-widget-container\">\n\t\t\t\t\t\t\t\t\t<p>A solu\u00e7\u00e3o Saas da Regioneo foi desenvolvida pela ag\u00eancia web BM Services. H\u00e1 mais de 20 anos que a nossa equipa acompanha a transforma\u00e7\u00e3o digital de artes\u00e3os, retalhistas e empresas.<\/p>\t\t\t\t\t\t\t\t<\/div>\n\t\t\t\t<\/div>\n\t\t\t\t\t<\/div>\n\t\t\t\t<\/div>\n\t\t<div class=\"elementor-element elementor-element-611ae2b e-flex e-con-boxed e-con e-parent\" data-id=\"611ae2b\" data-element_type=\"container\">\n\t\t\t\t\t<div class=\"e-con-inner\">\n\t\t<div class=\"elementor-element elementor-element-7e4513c e-con-full e-flex e-con e-child\" data-id=\"7e4513c\" data-element_type=\"container\" data-settings=\"{&quot;background_background&quot;:&quot;classic&quot;}\">\n\t\t\t\t<div class=\"elementor-element elementor-element-b614d3b elementor-widget elementor-widget-image\" data-id=\"b614d3b\" data-element_type=\"widget\" data-widget_type=\"image.default\">\n\t\t\t\t<div class=\"elementor-widget-container\">\n\t\t\t\t\t\t\t\t\t\t\t\t\t\t\t<img fetchpriority=\"high\" decoding=\"async\" width=\"800\" height=\"600\" src=\"https:\/\/www.regioneo.com\/wp-content\/uploads\/2025\/12\/Donnee_portugais.jpg\" class=\"attachment-full size-full wp-image-1408\" alt=\"n\u00fameros da luta contra os res\u00edduos na Europa\" srcset=\"https:\/\/www.regioneo.com\/wp-content\/uploads\/2025\/12\/Donnee_portugais.jpg 801w, https:\/\/www.regioneo.com\/wp-content\/uploads\/2025\/12\/Donnee_portugais-300x225.jpg 300w, https:\/\/www.regioneo.com\/wp-content\/uploads\/2025\/12\/Donnee_portugais-768x576.jpg 768w, https:\/\/www.regioneo.com\/wp-content\/uploads\/2025\/12\/Donnee_portugais-16x12.jpg 16w\" sizes=\"(max-width: 800px) 100vw, 800px\" \/>\t\t\t\t\t\t\t\t\t\t\t\t\t\t\t<\/div>\n\t\t\t\t<\/div>\n\t\t\t\t<\/div>\n\t\t<div class=\"elementor-element elementor-element-ae93056 e-con-full e-flex e-con e-child\" data-id=\"ae93056\" data-element_type=\"container\">\n\t\t\t\t<div class=\"elementor-element elementor-element-2576764 elementor-widget elementor-widget-heading\" data-id=\"2576764\" data-element_type=\"widget\" data-widget_type=\"heading.default\">\n\t\t\t\t<div class=\"elementor-widget-container\">\n\t\t\t\t\t<h2 class=\"elementor-heading-title elementor-size-default\">A luta contra os res\u00edduos, uma quest\u00e3o social<\/h2>\t\t\t\t<\/div>\n\t\t\t\t<\/div>\n\t\t\t\t<div class=\"elementor-element elementor-element-642f01e elementor-widget elementor-widget-text-editor\" data-id=\"642f01e\" data-element_type=\"widget\" data-widget_type=\"text-editor.default\">\n\t\t\t\t<div class=\"elementor-widget-container\">\n\t\t\t\t\t\t\t\t\t<p><span style=\"font-weight: 400;\">Atualmente, uma grande parte dos alimentos produzidos em Fran\u00e7a, na Europa e no resto do mundo \u00e9 perdida ou desperdi\u00e7ada todos os anos. Na Europa, cerca de 89 milh\u00f5es de toneladas de alimentos s\u00e3o perdidos e deitados fora todos os anos, o que representa 20% da produ\u00e7\u00e3o alimentar. Este desperd\u00edcio ocorre em todas as fases: nos produtores, onde alguns frutos ou legumes n\u00e3o s\u00e3o colhidos (frutos e legumes feios, sobreprodu\u00e7\u00e3o, etc.), nos intermedi\u00e1rios e durante as fases de transporte e, por vezes, at\u00e9 nos clientes finais.<\/span><\/p>\n<p><span style=\"font-weight: 400;\">Os custos estimados ascendem a 143 mil milh\u00f5es de euros, afectando n\u00e3o s\u00f3 os produtores, mas tamb\u00e9m os consumidores e o nosso ambiente, uma vez que foram utilizados recursos (\u00e1gua, solo, energia) para os produzir. \u00c9 agora essencial repensar o nosso sistema alimentar para minimizar o desperd\u00edcio alimentar e avan\u00e7ar para solu\u00e7\u00f5es mais sustent\u00e1veis.<\/span><\/p>\t\t\t\t\t\t\t\t<\/div>\n\t\t\t\t<\/div>\n\t\t\t\t<\/div>\n\t\t\t\t\t<\/div>\n\t\t\t\t<\/div>\n\t\t<div class=\"elementor-element elementor-element-55a93c6 e-flex e-con-boxed e-con e-parent\" data-id=\"55a93c6\" data-element_type=\"container\">\n\t\t\t\t\t<div class=\"e-con-inner\">\n\t\t<div class=\"elementor-element elementor-element-d453ac2 e-con-full e-flex e-con e-child\" data-id=\"d453ac2\" data-element_type=\"container\" data-settings=\"{&quot;background_background&quot;:&quot;classic&quot;}\">\n\t\t\t\t<\/div>\n\t\t<div class=\"elementor-element elementor-element-1e128d3 e-con-full e-flex e-con e-child\" data-id=\"1e128d3\" data-element_type=\"container\">\n\t\t\t\t<div class=\"elementor-element elementor-element-35f97bf elementor-widget elementor-widget-heading\" data-id=\"35f97bf\" data-element_type=\"widget\" data-widget_type=\"heading.default\">\n\t\t\t\t<div class=\"elementor-widget-container\">\n\t\t\t\t\t<h2 class=\"elementor-heading-title elementor-size-default\">O projeto SISTERS no \u00e2mbito do programa Horizonte 2020<\/h2>\t\t\t\t<\/div>\n\t\t\t\t<\/div>\n\t\t\t\t<div class=\"elementor-element elementor-element-318e203 elementor-widget elementor-widget-text-editor\" data-id=\"318e203\" data-element_type=\"widget\" data-widget_type=\"text-editor.default\">\n\t\t\t\t<div class=\"elementor-widget-container\">\n\t\t\t\t\t\t\t\t\t<p>O projeto Regioneo faz parte de um projeto mais vasto, o <span style=\"text-decoration: underline;\"><span style=\"color: #000000;\"><a style=\"color: #000000; text-decoration: underline;\" href=\"https:\/\/sistersproject.eu\/\">Projeto das irm\u00e3s<\/a><\/span><\/span> financiado pela Uni\u00e3o Europeia no \u00e2mbito do convite \u00e0 apresenta\u00e7\u00e3o de projectos Horizonte 2020. O projeto Sisters re\u00fane 18 actores europeus envolvidos na luta contra o desperd\u00edcio alimentar e tem como objetivo propor v\u00e1rias inova\u00e7\u00f5es para uma abordagem mais sustent\u00e1vel da produ\u00e7\u00e3o e distribui\u00e7\u00e3o de alimentos na Europa.<\/p>\t\t\t\t\t\t\t\t<\/div>\n\t\t\t\t<\/div>\n\t\t\t\t<div class=\"elementor-element elementor-element-66da73b elementor-mobile-align-justify elementor-widget elementor-widget-button\" data-id=\"66da73b\" data-element_type=\"widget\" data-widget_type=\"button.default\">\n\t\t\t\t<div class=\"elementor-widget-container\">\n\t\t\t\t\t\t\t\t\t<div class=\"elementor-button-wrapper\">\n\t\t\t\t\t<a class=\"elementor-button elementor-button-link elementor-size-sm\" href=\"https:\/\/sistersproject.eu\/\" target=\"_blank\">\n\t\t\t\t\t\t<span class=\"elementor-button-content-wrapper\">\n\t\t\t\t\t\t\t\t\t<span class=\"elementor-button-text\">Saiba mais<\/span>\n\t\t\t\t\t<\/span>\n\t\t\t\t\t<\/a>\n\t\t\t\t<\/div>\n\t\t\t\t\t\t\t\t<\/div>\n\t\t\t\t<\/div>\n\t\t\t\t<\/div>\n\t\t\t\t\t<\/div>\n\t\t\t\t<\/div>\n\t\t<div class=\"elementor-element elementor-element-ef18bd6 e-flex e-con-boxed e-con e-parent\" data-id=\"ef18bd6\" data-element_type=\"container\">\n\t\t\t\t\t<div class=\"e-con-inner\">\n\t\t<div class=\"elementor-element elementor-element-04b9783 e-con-full e-flex e-con e-child\" data-id=\"04b9783\" data-element_type=\"container\" data-settings=\"{&quot;background_background&quot;:&quot;classic&quot;}\">\n\t\t\t\t<\/div>\n\t\t<div class=\"elementor-element elementor-element-18a2fde e-con-full e-flex e-con e-child\" data-id=\"18a2fde\" data-element_type=\"container\">\n\t\t\t\t<div class=\"elementor-element elementor-element-d578c39 elementor-widget elementor-widget-heading\" data-id=\"d578c39\" data-element_type=\"widget\" data-widget_type=\"heading.default\">\n\t\t\t\t<div class=\"elementor-widget-container\">\n\t\t\t\t\t<h2 class=\"elementor-heading-title elementor-size-default\">Ag\u00eancia BM Services<\/h2>\t\t\t\t<\/div>\n\t\t\t\t<\/div>\n\t\t\t\t<div class=\"elementor-element elementor-element-a4e02ed elementor-widget elementor-widget-text-editor\" data-id=\"a4e02ed\" data-element_type=\"widget\" data-widget_type=\"text-editor.default\">\n\t\t\t\t<div class=\"elementor-widget-container\">\n\t\t\t\t\t\t\t\t\t<p>Criada em 2012 e sediada em Loz\u00e8re, a BM Services \u00e9 uma equipa de 20 profissionais repartidos por v\u00e1rios centros de compet\u00eancias. Em fun\u00e7\u00e3o do projeto, recorremos \u00e0 experi\u00eancia das diferentes divis\u00f5es para fornecer o know-how necess\u00e1rio. Esta organiza\u00e7\u00e3o multifuncional permite-nos adaptarmo-nos a qualquer tipo de desenvolvimento digital ou de comunica\u00e7\u00e3o. Em 2021, a BM Services juntou-se ao projeto SISTERS para desenvolver uma solu\u00e7\u00e3o de com\u00e9rcio eletr\u00f3nico para os produtores de frutas e legumes.<\/p>\t\t\t\t\t\t\t\t<\/div>\n\t\t\t\t<\/div>\n\t\t\t\t<div class=\"elementor-element elementor-element-ee1ac73 elementor-mobile-align-justify elementor-widget elementor-widget-button\" data-id=\"ee1ac73\" data-element_type=\"widget\" data-widget_type=\"button.default\">\n\t\t\t\t<div class=\"elementor-widget-container\">\n\t\t\t\t\t\t\t\t\t<div class=\"elementor-button-wrapper\">\n\t\t\t\t\t<a class=\"elementor-button elementor-button-link elementor-size-sm\" href=\"https:\/\/bm-services.com\" target=\"_blank\">\n\t\t\t\t\t\t<span class=\"elementor-button-content-wrapper\">\n\t\t\t\t\t\t\t\t\t<span class=\"elementor-button-text\">Saiba mais<\/span>\n\t\t\t\t\t<\/span>\n\t\t\t\t\t<\/a>\n\t\t\t\t<\/div>\n\t\t\t\t\t\t\t\t<\/div>\n\t\t\t\t<\/div>\n\t\t\t\t<\/div>\n\t\t\t\t\t<\/div>\n\t\t\t\t<\/div>\n\t\t<div class=\"elementor-element elementor-element-019f60b e-grid e-con-boxed e-con e-parent\" data-id=\"019f60b\" data-element_type=\"container\">\n\t\t\t\t\t<div class=\"e-con-inner\">\n\t\t\t\t\t<\/div>\n\t\t\t\t<\/div>\n\t\t<div class=\"elementor-element elementor-element-dac05a1 e-flex e-con-boxed e-con e-parent\" data-id=\"dac05a1\" data-element_type=\"container\">\n\t\t\t\t\t<div class=\"e-con-inner\">\n\t\t<div class=\"elementor-element elementor-element-7387630 e-con-full e-flex e-con e-child\" data-id=\"7387630\" data-element_type=\"container\">\n\t\t\t\t<\/div>\n\t\t<div class=\"elementor-element elementor-element-b37ab03 e-con-full e-flex e-con e-child\" data-id=\"b37ab03\" data-element_type=\"container\">\n\t\t\t\t<\/div>\n\t\t\t\t\t<\/div>\n\t\t\t\t<\/div>\n\t\t\t\t<\/div>","protected":false},"excerpt":{"rendered":"<p>\u00c0 Propos La solution Saas Regioneo est d\u00e9velopp\u00e9e par l\u2019agence web BM Services. Depuis plus de 20 ans, notre \u00e9quipe accompagne la transformation digitale des artisans, commer\u00e7ants et des entreprises. Lutter contre le gaspillage, un enjeu de soci\u00e9t\u00e9 Aujourd\u2019hui, une grande partie de la nourriture produite en France, en Europe et dans le monde est [&hellip;]<\/p>","protected":false},"author":1,"featured_media":0,"parent":0,"menu_order":0,"comment_status":"closed","ping_status":"closed","template":"","meta":{"_seopress_robots_primary_cat":"","_seopress_titles_title":"A Propos de Regioneo : La Solution Anti-Gaspi pour Producteurs","_seopress_titles_desc":"D\u00e9couvrez Regioneo : Nous cr\u00e9ons pour vous un site e-commerce en moins d'une journ\u00e9e pour vendre vos fruits et l\u00e9gumes. Solution anti gaspi !","_seopress_robots_index":"","footnotes":""},"class_list":["post-129","page","type-page","status-publish","hentry"],"_links":{"self":[{"href":"https:\/\/www.regioneo.com\/pt\/wp-json\/wp\/v2\/pages\/129","targetHints":{"allow":["GET"]}}],"collection":[{"href":"https:\/\/www.regioneo.com\/pt\/wp-json\/wp\/v2\/pages"}],"about":[{"href":"https:\/\/www.regioneo.com\/pt\/wp-json\/wp\/v2\/types\/page"}],"author":[{"embeddable":true,"href":"https:\/\/www.regioneo.com\/pt\/wp-json\/wp\/v2\/users\/1"}],"replies":[{"embeddable":true,"href":"https:\/\/www.regioneo.com\/pt\/wp-json\/wp\/v2\/comments?post=129"}],"version-history":[{"count":10,"href":"https:\/\/www.regioneo.com\/pt\/wp-json\/wp\/v2\/pages\/129\/revisions"}],"predecessor-version":[{"id":2202,"href":"https:\/\/www.regioneo.com\/pt\/wp-json\/wp\/v2\/pages\/129\/revisions\/2202"}],"wp:attachment":[{"href":"https:\/\/www.regioneo.com\/pt\/wp-json\/wp\/v2\/media?parent=129"}],"curies":[{"name":"wp","href":"https:\/\/api.w.org\/{rel}","templated":true}]}}

Sobre nós

<div data-elementor-type="wp-page" data-elementor-id="129" class="elementor elementor-129" data-elementor-post-type="page">
				<div class="elementor-element elementor-element-663adc5 e-con-full e-flex e-con e-parent" data-id="663adc5" data-element_type="container" data-settings="{&quot;background_background&quot;:&quot;classic&quot;}">
		<div class="elementor-element elementor-element-42f57f3 e-flex e-con-boxed e-con e-child" data-id="42f57f3" data-element_type="container">
					<div class="e-con-inner">
				<div class="elementor-element elementor-element-3a57c83 elementor-widget elementor-widget-heading" data-id="3a57c83" data-element_type="widget" data-widget_type="heading.default">
				<div class="elementor-widget-container">
					<h1 class="elementor-heading-title elementor-size-default">Sobre nós</h1>				</div>
				</div>
					</div>
				</div>
				</div>
		<div class="elementor-element elementor-element-a70327e e-flex e-con-boxed e-con e-parent" data-id="a70327e" data-element_type="container">
					<div class="e-con-inner">
				<div class="elementor-element elementor-element-8aa6579 elementor-widget__width-initial elementor-widget elementor-widget-text-editor" data-id="8aa6579" data-element_type="widget" data-widget_type="text-editor.default">
				<div class="elementor-widget-container">
									<p>A solução Saas da Regioneo foi desenvolvida pela agência web BM Services. Há mais de 20 anos que a nossa equipa acompanha a transformação digital de artesãos, retalhistas e empresas.</p>								</div>
				</div>
					</div>
				</div>
		<div class="elementor-element elementor-element-611ae2b e-flex e-con-boxed e-con e-parent" data-id="611ae2b" data-element_type="container">
					<div class="e-con-inner">
		<div class="elementor-element elementor-element-7e4513c e-con-full e-flex e-con e-child" data-id="7e4513c" data-element_type="container" data-settings="{&quot;background_background&quot;:&quot;classic&quot;}">
				<div class="elementor-element elementor-element-b614d3b elementor-widget elementor-widget-image" data-id="b614d3b" data-element_type="widget" data-widget_type="image.default">
				<div class="elementor-widget-container">
															<img fetchpriority="high" decoding="async" width="800" height="600" src="https://www.regioneo.com/wp-content/uploads/2025/12/Donnee_portugais.jpg" class="attachment-full size-full wp-image-1408" alt="números da luta contra os resíduos na Europa" srcset="https://www.regioneo.com/wp-content/uploads/2025/12/Donnee_portugais.jpg 801w, https://www.regioneo.com/wp-content/uploads/2025/12/Donnee_portugais-300x225.jpg 300w, https://www.regioneo.com/wp-content/uploads/2025/12/Donnee_portugais-768x576.jpg 768w, https://www.regioneo.com/wp-content/uploads/2025/12/Donnee_portugais-16x12.jpg 16w" sizes="(max-width: 800px) 100vw, 800px" />															</div>
				</div>
				</div>
		<div class="elementor-element elementor-element-ae93056 e-con-full e-flex e-con e-child" data-id="ae93056" data-element_type="container">
				<div class="elementor-element elementor-element-2576764 elementor-widget elementor-widget-heading" data-id="2576764" data-element_type="widget" data-widget_type="heading.default">
				<div class="elementor-widget-container">
					<h2 class="elementor-heading-title elementor-size-default">A luta contra os resíduos, uma questão social</h2>				</div>
				</div>
				<div class="elementor-element elementor-element-642f01e elementor-widget elementor-widget-text-editor" data-id="642f01e" data-element_type="widget" data-widget_type="text-editor.default">
				<div class="elementor-widget-container">
									<p><span style="font-weight: 400;">Atualmente, uma grande parte dos alimentos produzidos em França, na Europa e no resto do mundo é perdida ou desperdiçada todos os anos. Na Europa, cerca de 89 milhões de toneladas de alimentos são perdidos e deitados fora todos os anos, o que representa 20% da produção alimentar. Este desperdício ocorre em todas as fases: nos produtores, onde alguns frutos ou legumes não são colhidos (frutos e legumes feios, sobreprodução, etc.), nos intermediários e durante as fases de transporte e, por vezes, até nos clientes finais.</span></p>
<p><span style="font-weight: 400;">Os custos estimados ascendem a 143 mil milhões de euros, afectando não só os produtores, mas também os consumidores e o nosso ambiente, uma vez que foram utilizados recursos (água, solo, energia) para os produzir. É agora essencial repensar o nosso sistema alimentar para minimizar o desperdício alimentar e avançar para soluções mais sustentáveis.</span></p>								</div>
				</div>
				</div>
					</div>
				</div>
		<div class="elementor-element elementor-element-55a93c6 e-flex e-con-boxed e-con e-parent" data-id="55a93c6" data-element_type="container">
					<div class="e-con-inner">
		<div class="elementor-element elementor-element-d453ac2 e-con-full e-flex e-con e-child" data-id="d453ac2" data-element_type="container" data-settings="{&quot;background_background&quot;:&quot;classic&quot;}">
				</div>
		<div class="elementor-element elementor-element-1e128d3 e-con-full e-flex e-con e-child" data-id="1e128d3" data-element_type="container">
				<div class="elementor-element elementor-element-35f97bf elementor-widget elementor-widget-heading" data-id="35f97bf" data-element_type="widget" data-widget_type="heading.default">
				<div class="elementor-widget-container">
					<h2 class="elementor-heading-title elementor-size-default">O projeto SISTERS no âmbito do programa Horizonte 2020</h2>				</div>
				</div>
				<div class="elementor-element elementor-element-318e203 elementor-widget elementor-widget-text-editor" data-id="318e203" data-element_type="widget" data-widget_type="text-editor.default">
				<div class="elementor-widget-container">
									<p>O projeto Regioneo faz parte de um projeto mais vasto, o <span style="text-decoration: underline;"><span style="color: #000000;"><a style="color: #000000; text-decoration: underline;" href="https://sistersproject.eu/">Projeto das irmãs</a></span></span> financiado pela União Europeia no âmbito do convite à apresentação de projectos Horizonte 2020. O projeto Sisters reúne 18 actores europeus envolvidos na luta contra o desperdício alimentar e tem como objetivo propor várias inovações para uma abordagem mais sustentável da produção e distribuição de alimentos na Europa.</p>								</div>
				</div>
				<div class="elementor-element elementor-element-66da73b elementor-mobile-align-justify elementor-widget elementor-widget-button" data-id="66da73b" data-element_type="widget" data-widget_type="button.default">
				<div class="elementor-widget-container">
									<div class="elementor-button-wrapper">
					<a class="elementor-button elementor-button-link elementor-size-sm" href="https://sistersproject.eu/" target="_blank">
						<span class="elementor-button-content-wrapper">
									<span class="elementor-button-text">Saiba mais</span>
					</span>
					</a>
				</div>
								</div>
				</div>
				</div>
					</div>
				</div>
		<div class="elementor-element elementor-element-ef18bd6 e-flex e-con-boxed e-con e-parent" data-id="ef18bd6" data-element_type="container">
					<div class="e-con-inner">
		<div class="elementor-element elementor-element-04b9783 e-con-full e-flex e-con e-child" data-id="04b9783" data-element_type="container" data-settings="{&quot;background_background&quot;:&quot;classic&quot;}">
				</div>
		<div class="elementor-element elementor-element-18a2fde e-con-full e-flex e-con e-child" data-id="18a2fde" data-element_type="container">
				<div class="elementor-element elementor-element-d578c39 elementor-widget elementor-widget-heading" data-id="d578c39" data-element_type="widget" data-widget_type="heading.default">
				<div class="elementor-widget-container">
					<h2 class="elementor-heading-title elementor-size-default">Agência BM Services</h2>				</div>
				</div>
				<div class="elementor-element elementor-element-a4e02ed elementor-widget elementor-widget-text-editor" data-id="a4e02ed" data-element_type="widget" data-widget_type="text-editor.default">
				<div class="elementor-widget-container">
									<p>Criada em 2012 e sediada em Lozère, a BM Services é uma equipa de 20 profissionais repartidos por vários centros de competências. Em função do projeto, recorremos à experiência das diferentes divisões para fornecer o know-how necessário. Esta organização multifuncional permite-nos adaptarmo-nos a qualquer tipo de desenvolvimento digital ou de comunicação. Em 2021, a BM Services juntou-se ao projeto SISTERS para desenvolver uma solução de comércio eletrónico para os produtores de frutas e legumes.</p>								</div>
				</div>
				<div class="elementor-element elementor-element-ee1ac73 elementor-mobile-align-justify elementor-widget elementor-widget-button" data-id="ee1ac73" data-element_type="widget" data-widget_type="button.default">
				<div class="elementor-widget-container">
									<div class="elementor-button-wrapper">
					<a class="elementor-button elementor-button-link elementor-size-sm" href="https://bm-services.com" target="_blank">
						<span class="elementor-button-content-wrapper">
									<span class="elementor-button-text">Saiba mais</span>
					</span>
					</a>
				</div>
								</div>
				</div>
				</div>
					</div>
				</div>
		<div class="elementor-element elementor-element-019f60b e-grid e-con-boxed e-con e-parent" data-id="019f60b" data-element_type="container">
					<div class="e-con-inner">
					</div>
				</div>
		<div class="elementor-element elementor-element-dac05a1 e-flex e-con-boxed e-con e-parent" data-id="dac05a1" data-element_type="container">
					<div class="e-con-inner">
		<div class="elementor-element elementor-element-7387630 e-con-full e-flex e-con e-child" data-id="7387630" data-element_type="container">
				</div>
		<div class="elementor-element elementor-element-b37ab03 e-con-full e-flex e-con e-child" data-id="b37ab03" data-element_type="container">
				</div>
					</div>
				</div>
				</div>

<p>À Propos La solution Saas Regioneo est développée par l’agence web BM Services. Depuis plus de 20 ans, notre équipe accompagne la transformation digitale des artisans, commerçants et des entreprises. Lutter contre le gaspillage, un enjeu de société Aujourd’hui, une grande partie de la nourriture produite en France, en Europe et dans le monde est [&hellip;]</p>

Découvrez Regioneo : Nous créons pour vous un site e-commerce en moins d'une journée pour vendre vos fruits et légumes. Solution anti gaspi !
